{"id":8394,"date":"2022-10-30T16:19:22","date_gmt":"2022-10-30T16:19:22","guid":{"rendered":"https:\/\/prueba.caminodesantiagofrances.com\/en\/?page_id=8394"},"modified":"2024-02-25T12:52:59","modified_gmt":"2024-02-25T11:52:59","slug":"san-bernabe","status":"publish","type":"page","link":"https:\/\/caminodesantiagofrances.com\/en\/santos\/san-bernabe\/","title":{"rendered":"San Bernab\u00e9"},"content":{"rendered":"\n<h2 class=\"wp-block-heading has-text-align-center\">Bernab\u00e9 Ap\u00f3stol<\/h2>\n\n\n\n<p class=\"wp-block-paragraph\">Bernab\u00e9 (en griego antiguo, \u0392\u03b1\u03c1\u03bd\u03b1\u03b2\u1fb6\u03c2) fue uno de los primeros cristianos mencionados en el Nuevo Testamento. La Sagrada Escritura lo presenta como un ap\u00f3stol\u200b pero diferente a&nbsp;<strong>San Pablo<\/strong>, considerado por la Iglesia con una distinci\u00f3n especial pero desigual, en cuanto a autoridad, con el resto de los 12. Originario de Chipre, fue un jud\u00edo que pertenec\u00eda a la tribu de Lev\u00ed, vivi\u00f3 durante el siglo I.<\/p>\n\n\n\n<h3 class=\"wp-block-heading has-text-align-center\"><strong>Conversaciones con Miguel<\/strong><\/h3>\n\n\n\n<p class=\"wp-block-paragraph\">Su nombre original era Jos\u00e9. Los ap\u00f3stoles lo cambiaron por el de Bernab\u00e9 (Hechos 4:36), que significa Hijo de la Exhortaci\u00f3n, tambi\u00e9n llamado \u00abEl Ap\u00f3stol de la alegr\u00eda\u00bb por su \u00e1nimo, aunque seg\u00fan San Lucas significa el esforzado, el que anima y entusiasma.<\/p>\n\n\n\n<p class=\"wp-block-paragraph\">Los Hechos de los Ap\u00f3stoles afirman, en el cap\u00edtulo 4 vers\u00edculos 34 a 37, que Bernab\u00e9 vendi\u00f3 su finca, y el producto que de ella obtuvo lo entreg\u00f3 a los ap\u00f3stoles para distribuir entre los pobres.<\/p>\n\n\n\n<p class=\"wp-block-paragraph\">Fue un gran colaborador de San Pablo, quien a su regreso a Jerusal\u00e9n tres a\u00f1os despu\u00e9s de su conversi\u00f3n, recibi\u00f3 de Bernab\u00e9 apoyo ante los dem\u00e1s ap\u00f3stoles, e intercesi\u00f3n para obtener la aceptaci\u00f3n del resto de los ap\u00f3stoles de Jerusal\u00e9n a su ministerio (Hechos 9: 27).<\/p>\n\n\n\n<p class=\"wp-block-paragraph\">No se encuentra entre los doce elegidos por Jesucristo, pero probablemente[cita requerida] fue uno de los setenta disc\u00edpulos mencionados en el Evangelio. Bernab\u00e9 es considerado ap\u00f3stol por los primeros Padres de la Iglesia y tambi\u00e9n por San Lucas por la misi\u00f3n especial que le confi\u00f3 el Esp\u00edritu Santo.<\/p>\n\n\n\n<p class=\"wp-block-paragraph\">Los Ap\u00f3stoles lo apreciaban mucho por ser \u00abun buen hombre, lleno de fe y del Esp\u00edritu Santo\u00bb (Hechos 11,24), por eso lo eligieron para la evangelizaci\u00f3n de Antioqu\u00eda. Con sus pr\u00e9dicas aumentaron los conversos (Hechos 11:24).<\/p>\n\n\n\n<figure class=\"wp-block-image aligncenter size-full\"><img loading=\"lazy\" decoding=\"async\" width=\"600\" height=\"315\" src=\"https:\/\/caminodesantiagofrances.com\/en\/wp-content\/uploads\/sites\/3\/2024\/02\/San-Bernabe-Camino-de-Santiago-Frances.jpg\" alt=\"\" class=\"wp-image-12402\" srcset=\"https:\/\/caminodesantiagofrances.com\/en\/wp-content\/uploads\/sites\/3\/2024\/02\/San-Bernabe-Camino-de-Santiago-Frances.jpg 600w, https:\/\/caminodesantiagofrances.com\/en\/wp-content\/uploads\/sites\/3\/2024\/02\/San-Bernabe-Camino-de-Santiago-Frances-300x158.jpg 300w\" sizes=\"auto, (max-width: 600px) 100vw, 600px\" \/><figcaption class=\"wp-element-caption\"><strong>San Bernab\u00e9<\/strong><\/figcaption><\/figure>\n\n\n\n<h3 class=\"wp-block-heading has-text-align-center\">Labor con Pablo<\/h3>\n\n\n\n<p class=\"wp-block-paragraph\">Se fue a Tarso y se asoci\u00f3 con San Pablo. Regresaron a Antioqu\u00eda, donde permanecieron por un a\u00f1o ense\u00f1ando (Hechos 11:25-26). Antioqu\u00eda se convirti\u00f3 en gran centro de evangelizaci\u00f3n y donde por primera vez se le llam\u00f3 cristianos a los seguidores de la doctrina de Cristo.<\/p>\n\n\n\n<p class=\"wp-block-paragraph\">Volvieron a Jerusal\u00e9n enviados por los cristianos de la floreciente iglesia de Antioqu\u00eda, con una colecta para los que estaban pasando hambre en Judea (Hechos 11:27-30).<\/p>\n\n\n\n<p class=\"wp-block-paragraph\">El Esp\u00edritu Santo habl\u00f3 por medio de los maestros y profetas que adoraban a Dios: \u00abSeparad a Pablo y Bernab\u00e9, para una tarea que les tengo asignada en movilidad\u00bb Hechos 13:1,2.<\/p>\n\n\n\n<p class=\"wp-block-paragraph\">Despu\u00e9s de ayuno y oraci\u00f3n, Pablo y Bernab\u00e9 recibieron la misi\u00f3n y la imposici\u00f3n de manos (Hechos 13:3). Partieron acompa\u00f1ados de Juan Marcos, primo de Bernab\u00e9, futuro evangelista (Colosenses 4:10), a predicar a otros lugares, entre estos Chipre, la patria de Bernab\u00e9. All\u00ed convirtieron al proc\u00f3nsul romano Sergio Paulo, y a Saulo se le nombra por primera vez, en la Biblia, como Pablo en raz\u00f3n de que estando en un ambiente grecorromano, usa su nombre Romano (Hechos 13:9-20).<\/p>\n\n\n\n<p class=\"wp-block-paragraph\">Fueron luego a Perga, en Panfilia, donde se inici\u00f3 el m\u00e1s peligroso viaje misionero. Juan Marcos no estaba muy decidido y les abandon\u00f3, regresando solo a Jerusal\u00e9n. Luego prosiguieron su viaje misionero por las ciudades y naciones del Asia Menor.<\/p>\n\n\n\n<p class=\"wp-block-paragraph\">En Iconio, capital de Licaonia, estuvieron a punto de morir apedreados por la multitud. Se refugiaron en Listra, donde el Se\u00f1or, por medio de San Pablo, cur\u00f3 milagrosamente a un paral\u00edtico y por esa raz\u00f3n los habitantes paganos dijeron que los dioses los hab\u00edan visitado, haciendo lo imposible evitaron que la poblaci\u00f3n ofreciera sacrificios en honor a ellos y por eso se pasaron al otro extremo y lanzaron piedras contra San Pablo y lo dejaron maltrecho (Hechos 14:19-20).<\/p>\n\n\n\n<p class=\"wp-block-paragraph\">Tras una breve estancia en Derbe, donde muchos se convirtieron (Hechos 14:21), los dos Ap\u00f3stoles volvieron a las ciudades que hab\u00edan visitado previamente, para confirmar a los convertidos y para ordenar presb\u00edteros. Recordaban que \u00abes necesario pasar por muchas tribulaciones para entrar en el Reino de Dios\u00bb (Hechos 14, 22). Despu\u00e9s de completar la primera misi\u00f3n regresaron a Antioqu\u00eda de Siria.<\/p>\n\n\n\n<p class=\"wp-block-paragraph\">Poco despu\u00e9s, algunos de los jud\u00edos cristianos, contrarios a las opiniones de Pablo y Bernab\u00e9, exig\u00edan que los nuevos cristianos, aparte de ser bautizados, fueran circuncidados. A ra\u00edz de eso, se convoc\u00f3 al Concilio de Jerusal\u00e9n, donde particip\u00f3 Pablo, Bernab\u00e9 y Tito (G\u00e1latas 2 y Hechos, cap\u00edtulos 13 al 15). Se declar\u00f3 entonces que los gentiles convertidos estaban exentos del deber de la circuncisi\u00f3n.<\/p>\n\n\n\n<h3 class=\"wp-block-heading has-text-align-center\">Segundo viaje misionero<\/h3>\n\n\n\n<p class=\"wp-block-paragraph\">Ante el segundo viaje misionero, surgi\u00f3 un conflicto entre Pablo y Bernab\u00e9. Bernab\u00e9 quer\u00eda llevar a su sobrino Juan Marcos y Pablo se opon\u00eda por haberles abandonado en la mitad del primer viaje (por miedo a tantas dificultades). Por ello decidieron separarse. San Pablo se fue a su proyectado viaje con Silas y Bernab\u00e9 parti\u00f3 a Chipre con Juan Marcos.<\/p>\n\n\n\n<p class=\"wp-block-paragraph\">M\u00e1s tarde se volvieron a encontrar como amigos misionando en Corinto (1 Co. 9, 5-6), por lo que se deduce que Bernab\u00e9 a\u00fan viv\u00eda y trabajaba en los a\u00f1os 56 o 57 d. C. Posteriormente San Pablo invita a Juan Marcos a unirse a \u00e9l, cuando estaba preso en Roma[cita requerida], cosa que nos indica que Bernab\u00e9 ya hab\u00eda muerto alrededor del a\u00f1o 60 o 61. Otros dicen[cita requerida] que era predicador en Alejandr\u00eda y Roma y primer obispo de Mil\u00e1n.<\/p>\n\n\n\n<h2 class=\"wp-block-heading has-text-align-center\">Martirio San Bernab\u00e9<\/h2>\n\n\n\n<p class=\"wp-block-paragraph\">Escritos ap\u00f3crifos hablan de un viaje a Roma y de su martirio,\u200b hacia el a\u00f1o 70, en Salamina, por mano de los jud\u00edos de la di\u00e1spora, que lo lapidaron. Tertuliano afirma que Bernab\u00e9 escribi\u00f3 la Ep\u00edstola a los Hebreos, otros creen que escribi\u00f3 en Alejandr\u00eda la Ep\u00edstola de Bernab\u00e9. En realidad, lo que se sabe de \u00e9l tiene como fuente principal al Nuevo Testamento.<\/p>\n\n\n\n<h2 class=\"wp-block-heading has-text-align-center\">San Bernab\u00e9<\/h2>\n\n\n\n<figure class=\"wp-block-table\"><table><tbody><tr><th scope=\"row\">Nacimiento<\/th><td>Desconocido Chipre<\/td><\/tr><tr><th scope=\"row\">Fallecimiento<\/th><td>61&nbsp;d.C. Salamina,&nbsp;Chipre<\/td><\/tr><tr><th scope=\"row\">Venerado&nbsp;en<\/th><td>Iglesia ortodoxa,&nbsp;Iglesia cat\u00f3lica<\/td><\/tr><tr><th scope=\"row\">Principal santuario<\/th><td>Monasterio de San Bernab\u00e9&nbsp;Famagusta,&nbsp;Chipre<\/td><\/tr><tr><th scope=\"row\">Festividad<\/th><td>11 de junio<\/td><\/tr><tr><th scope=\"row\">Patronazgo<\/th><td>Chipre,\u00a0Arenas de San Juan,\u00a0B\u00e1cor-Olivar,\u00a0El Escorial,\u00a0<strong><a href=\"https:\/\/caminodesantiagofrances.com\/en\/la-rioja\/logrono\/\" target=\"_blank\" data-type=\"link\" data-id=\"https:\/\/caminodesantiagofrances.com\/en\/la-rioja\/logrono\/\" rel=\"noreferrer noopener\">Logro\u00f1o<\/a><\/strong>,\u00a0Marbella,\u00a0Marino,\u00a0Membr\u00edo,\u00a0Merindad de Sotoscueva,\u00a0Pe\u00f1arrubia,\u00a0P\u00e9trola,\u00a0Ixil<\/td><\/tr><\/tbody><\/table><\/figure>\n\n\n<p><nav aria-label=\"breadcrumbs\" class=\"rank-math-breadcrumb\"><p><span class=\"last\">Camino de Santiago Franc\u00e9s<\/span><\/p><\/nav><\/p>\n\n\n\n<hr class=\"wp-block-separator has-alpha-channel-opacity\"\/>\n\n\n\n<p class=\"wp-block-paragraph\"><strong>V\u00e9ase tambi\u00e9n:<\/strong><\/p>\n\n\n\n<figure class=\"wp-block-image aligncenter size-full\"><a href=\"https:\/\/caminodesantiagofrances.com\/en\/la-rioja\/logrono\/\" target=\"_blank\" rel=\"noreferrer noopener\"><img loading=\"lazy\" decoding=\"async\" width=\"600\" height=\"315\" src=\"https:\/\/caminodesantiagofrances.com\/en\/wp-content\/uploads\/sites\/3\/2024\/02\/Logrono-Camino-de-Santiago-Frances.jpg\" alt=\"\" class=\"wp-image-11220\" srcset=\"https:\/\/caminodesantiagofrances.com\/en\/wp-content\/uploads\/sites\/3\/2024\/02\/Logrono-Camino-de-Santiago-Frances.jpg 600w, https:\/\/caminodesantiagofrances.com\/en\/wp-content\/uploads\/sites\/3\/2024\/02\/Logrono-Camino-de-Santiago-Frances-300x158.jpg 300w\" sizes=\"auto, (max-width: 600px) 100vw, 600px\" \/><\/a><\/figure>\n\n\n\n<h3 class=\"wp-block-heading has-text-align-center\"><strong><a href=\"https:\/\/caminodesantiagofrances.com\/en\/la-rioja\/logrono\/\" target=\"_blank\" data-type=\"link\" data-id=\"https:\/\/caminodesantiagofrances.com\/en\/la-rioja\/logrono\/\" rel=\"noreferrer noopener\">Logro\u00f1o<\/a><\/strong><\/h3>\n","protected":false},"excerpt":{"rendered":"<p>Bernab\u00e9 Ap\u00f3stol Bernab\u00e9 (en griego antiguo, \u0392\u03b1\u03c1\u03bd\u03b1\u03b2\u1fb6\u03c2) fue uno de los primeros cristianos mencionados en el Nuevo Testamento. La Sagrada Escritura lo presenta como un ap\u00f3stol\u200b pero diferente a&nbsp;San Pablo, considerado por la Iglesia con una distinci\u00f3n especial pero desigual, en cuanto a autoridad, con el resto de los 12. Originario de Chipre, fue un [&hellip;]<\/p>\n","protected":false},"author":1,"featured_media":12402,"parent":5908,"menu_order":0,"comment_status":"closed","ping_status":"closed","template":"","meta":{"footnotes":""},"class_list":["post-8394","page","type-page","status-publish","has-post-thumbnail","hentry"],"_links":{"self":[{"href":"https:\/\/caminodesantiagofrances.com\/en\/wp-json\/wp\/v2\/pages\/8394","targetHints":{"allow":["GET"]}}],"collection":[{"href":"https:\/\/caminodesantiagofrances.com\/en\/wp-json\/wp\/v2\/pages"}],"about":[{"href":"https:\/\/caminodesantiagofrances.com\/en\/wp-json\/wp\/v2\/types\/page"}],"author":[{"embeddable":true,"href":"https:\/\/caminodesantiagofrances.com\/en\/wp-json\/wp\/v2\/users\/1"}],"replies":[{"embeddable":true,"href":"https:\/\/caminodesantiagofrances.com\/en\/wp-json\/wp\/v2\/comments?post=8394"}],"version-history":[{"count":0,"href":"https:\/\/caminodesantiagofrances.com\/en\/wp-json\/wp\/v2\/pages\/8394\/revisions"}],"up":[{"embeddable":true,"href":"https:\/\/caminodesantiagofrances.com\/en\/wp-json\/wp\/v2\/pages\/5908"}],"wp:featuredmedia":[{"embeddable":true,"href":"https:\/\/caminodesantiagofrances.com\/en\/wp-json\/wp\/v2\/media\/12402"}],"wp:attachment":[{"href":"https:\/\/caminodesantiagofrances.com\/en\/wp-json\/wp\/v2\/media?parent=8394"}],"curies":[{"name":"wp","href":"https:\/\/api.w.org\/{rel}","templated":true}]}}

San Bernabé

<h2 class="wp-block-heading has-text-align-center">Bernabé Apóstol</h2>



<p class="wp-block-paragraph">Bernabé (en griego antiguo, Βαρναβᾶς) fue uno de los primeros cristianos mencionados en el Nuevo Testamento. La Sagrada Escritura lo presenta como un apóstol​ pero diferente a&nbsp;<strong>San Pablo</strong>, considerado por la Iglesia con una distinción especial pero desigual, en cuanto a autoridad, con el resto de los 12. Originario de Chipre, fue un judío que pertenecía a la tribu de Leví, vivió durante el siglo I.</p>



<h3 class="wp-block-heading has-text-align-center"><strong>Conversaciones con Miguel</strong></h3>



<p class="wp-block-paragraph">Su nombre original era José. Los apóstoles lo cambiaron por el de Bernabé (Hechos 4:36), que significa Hijo de la Exhortación, también llamado «El Apóstol de la alegría» por su ánimo, aunque según San Lucas significa el esforzado, el que anima y entusiasma.</p>



<p class="wp-block-paragraph">Los Hechos de los Apóstoles afirman, en el capítulo 4 versículos 34 a 37, que Bernabé vendió su finca, y el producto que de ella obtuvo lo entregó a los apóstoles para distribuir entre los pobres.</p>



<p class="wp-block-paragraph">Fue un gran colaborador de San Pablo, quien a su regreso a Jerusalén tres años después de su conversión, recibió de Bernabé apoyo ante los demás apóstoles, e intercesión para obtener la aceptación del resto de los apóstoles de Jerusalén a su ministerio (Hechos 9: 27).</p>



<p class="wp-block-paragraph">No se encuentra entre los doce elegidos por Jesucristo, pero probablemente[cita requerida] fue uno de los setenta discípulos mencionados en el Evangelio. Bernabé es considerado apóstol por los primeros Padres de la Iglesia y también por San Lucas por la misión especial que le confió el Espíritu Santo.</p>



<p class="wp-block-paragraph">Los Apóstoles lo apreciaban mucho por ser «un buen hombre, lleno de fe y del Espíritu Santo» (Hechos 11,24), por eso lo eligieron para la evangelización de Antioquía. Con sus prédicas aumentaron los conversos (Hechos 11:24).</p>



<figure class="wp-block-image aligncenter size-full"><img loading="lazy" decoding="async" width="600" height="315" src="https://caminodesantiagofrances.com/en/wp-content/uploads/sites/3/2024/02/San-Bernabe-Camino-de-Santiago-Frances.jpg" alt="" class="wp-image-12402" srcset="https://caminodesantiagofrances.com/en/wp-content/uploads/sites/3/2024/02/San-Bernabe-Camino-de-Santiago-Frances.jpg 600w, https://caminodesantiagofrances.com/en/wp-content/uploads/sites/3/2024/02/San-Bernabe-Camino-de-Santiago-Frances-300x158.jpg 300w" sizes="auto, (max-width: 600px) 100vw, 600px" /><figcaption class="wp-element-caption"><strong>San Bernabé</strong></figcaption></figure>



<h3 class="wp-block-heading has-text-align-center">Labor con Pablo</h3>



<p class="wp-block-paragraph">Se fue a Tarso y se asoció con San Pablo. Regresaron a Antioquía, donde permanecieron por un año enseñando (Hechos 11:25-26). Antioquía se convirtió en gran centro de evangelización y donde por primera vez se le llamó cristianos a los seguidores de la doctrina de Cristo.</p>



<p class="wp-block-paragraph">Volvieron a Jerusalén enviados por los cristianos de la floreciente iglesia de Antioquía, con una colecta para los que estaban pasando hambre en Judea (Hechos 11:27-30).</p>



<p class="wp-block-paragraph">El Espíritu Santo habló por medio de los maestros y profetas que adoraban a Dios: «Separad a Pablo y Bernabé, para una tarea que les tengo asignada en movilidad» Hechos 13:1,2.</p>



<p class="wp-block-paragraph">Después de ayuno y oración, Pablo y Bernabé recibieron la misión y la imposición de manos (Hechos 13:3). Partieron acompañados de Juan Marcos, primo de Bernabé, futuro evangelista (Colosenses 4:10), a predicar a otros lugares, entre estos Chipre, la patria de Bernabé. Allí convirtieron al procónsul romano Sergio Paulo, y a Saulo se le nombra por primera vez, en la Biblia, como Pablo en razón de que estando en un ambiente grecorromano, usa su nombre Romano (Hechos 13:9-20).</p>



<p class="wp-block-paragraph">Fueron luego a Perga, en Panfilia, donde se inició el más peligroso viaje misionero. Juan Marcos no estaba muy decidido y les abandonó, regresando solo a Jerusalén. Luego prosiguieron su viaje misionero por las ciudades y naciones del Asia Menor.</p>



<p class="wp-block-paragraph">En Iconio, capital de Licaonia, estuvieron a punto de morir apedreados por la multitud. Se refugiaron en Listra, donde el Señor, por medio de San Pablo, curó milagrosamente a un paralítico y por esa razón los habitantes paganos dijeron que los dioses los habían visitado, haciendo lo imposible evitaron que la población ofreciera sacrificios en honor a ellos y por eso se pasaron al otro extremo y lanzaron piedras contra San Pablo y lo dejaron maltrecho (Hechos 14:19-20).</p>



<p class="wp-block-paragraph">Tras una breve estancia en Derbe, donde muchos se convirtieron (Hechos 14:21), los dos Apóstoles volvieron a las ciudades que habían visitado previamente, para confirmar a los convertidos y para ordenar presbíteros. Recordaban que «es necesario pasar por muchas tribulaciones para entrar en el Reino de Dios» (Hechos 14, 22). Después de completar la primera misión regresaron a Antioquía de Siria.</p>



<p class="wp-block-paragraph">Poco después, algunos de los judíos cristianos, contrarios a las opiniones de Pablo y Bernabé, exigían que los nuevos cristianos, aparte de ser bautizados, fueran circuncidados. A raíz de eso, se convocó al Concilio de Jerusalén, donde participó Pablo, Bernabé y Tito (Gálatas 2 y Hechos, capítulos 13 al 15). Se declaró entonces que los gentiles convertidos estaban exentos del deber de la circuncisión.</p>



<h3 class="wp-block-heading has-text-align-center">Segundo viaje misionero</h3>



<p class="wp-block-paragraph">Ante el segundo viaje misionero, surgió un conflicto entre Pablo y Bernabé. Bernabé quería llevar a su sobrino Juan Marcos y Pablo se oponía por haberles abandonado en la mitad del primer viaje (por miedo a tantas dificultades). Por ello decidieron separarse. San Pablo se fue a su proyectado viaje con Silas y Bernabé partió a Chipre con Juan Marcos.</p>



<p class="wp-block-paragraph">Más tarde se volvieron a encontrar como amigos misionando en Corinto (1 Co. 9, 5-6), por lo que se deduce que Bernabé aún vivía y trabajaba en los años 56 o 57 d. C. Posteriormente San Pablo invita a Juan Marcos a unirse a él, cuando estaba preso en Roma[cita requerida], cosa que nos indica que Bernabé ya había muerto alrededor del año 60 o 61. Otros dicen[cita requerida] que era predicador en Alejandría y Roma y primer obispo de Milán.</p>



<h2 class="wp-block-heading has-text-align-center">Martirio San Bernabé</h2>



<p class="wp-block-paragraph">Escritos apócrifos hablan de un viaje a Roma y de su martirio,​ hacia el año 70, en Salamina, por mano de los judíos de la diáspora, que lo lapidaron. Tertuliano afirma que Bernabé escribió la Epístola a los Hebreos, otros creen que escribió en Alejandría la Epístola de Bernabé. En realidad, lo que se sabe de él tiene como fuente principal al Nuevo Testamento.</p>



<h2 class="wp-block-heading has-text-align-center">San Bernabé</h2>



<figure class="wp-block-table"><table><tbody><tr><th scope="row">Nacimiento</th><td>Desconocido Chipre</td></tr><tr><th scope="row">Fallecimiento</th><td>61&nbsp;d.C. Salamina,&nbsp;Chipre</td></tr><tr><th scope="row">Venerado&nbsp;en</th><td>Iglesia ortodoxa,&nbsp;Iglesia católica</td></tr><tr><th scope="row">Principal santuario</th><td>Monasterio de San Bernabé&nbsp;Famagusta,&nbsp;Chipre</td></tr><tr><th scope="row">Festividad</th><td>11 de junio</td></tr><tr><th scope="row">Patronazgo</th><td>Chipre, Arenas de San Juan, Bácor-Olivar, El Escorial, <strong><a href="https://caminodesantiagofrances.com/en/la-rioja/logrono/" target="_blank" data-type="link" data-id="https://caminodesantiagofrances.com/en/la-rioja/logrono/" rel="noreferrer noopener">Logroño</a></strong>, Marbella, Marino, Membrío, Merindad de Sotoscueva, Peñarrubia, Pétrola, Ixil</td></tr></tbody></table></figure>


<p><nav aria-label="breadcrumbs" class="rank-math-breadcrumb"><p><span class="last">Camino de Santiago Francés</span></p></nav></p>



<hr class="wp-block-separator has-alpha-channel-opacity"/>



<p class="wp-block-paragraph"><strong>Véase también:</strong></p>



<figure class="wp-block-image aligncenter size-full"><a href="https://caminodesantiagofrances.com/en/la-rioja/logrono/" target="_blank" rel="noreferrer noopener"><img loading="lazy" decoding="async" width="600" height="315" src="https://caminodesantiagofrances.com/en/wp-content/uploads/sites/3/2024/02/Logrono-Camino-de-Santiago-Frances.jpg" alt="" class="wp-image-11220" srcset="https://caminodesantiagofrances.com/en/wp-content/uploads/sites/3/2024/02/Logrono-Camino-de-Santiago-Frances.jpg 600w, https://caminodesantiagofrances.com/en/wp-content/uploads/sites/3/2024/02/Logrono-Camino-de-Santiago-Frances-300x158.jpg 300w" sizes="auto, (max-width: 600px) 100vw, 600px" /></a></figure>



<h3 class="wp-block-heading has-text-align-center"><strong><a href="https://caminodesantiagofrances.com/en/la-rioja/logrono/" target="_blank" data-type="link" data-id="https://caminodesantiagofrances.com/en/la-rioja/logrono/" rel="noreferrer noopener">Logroño</a></strong></h3>

<p>Bernabé Apóstol Bernabé (en griego antiguo, Βαρναβᾶς) fue uno de los primeros cristianos mencionados en el Nuevo Testamento. La Sagrada Escritura lo presenta como un apóstol​ pero diferente a&nbsp;San Pablo, considerado por la Iglesia con una distinción especial pero desigual, en cuanto a autoridad, con el resto de los 12. Originario de Chipre, fue un [&hellip;]</p>
