{"id":8509,"date":"2022-10-31T14:14:44","date_gmt":"2022-10-31T14:14:44","guid":{"rendered":"https:\/\/prueba.caminodesantiagofrances.com\/en\/?page_id=8509"},"modified":"2024-02-25T16:08:36","modified_gmt":"2024-02-25T15:08:36","slug":"saint-john-of-sahagun","status":"publish","type":"page","link":"https:\/\/caminodesantiagofrances.com\/en\/saints\/saint-john-of-sahagun\/","title":{"rendered":"Saint John of Sahagun"},"content":{"rendered":"\n<p class=\"wp-block-paragraph\"><strong>San Juan de Sahag\u00fan<\/strong>, O.E.S.A. (<strong><a href=\"https:\/\/caminodesantiagofrances.com\/en\/leon-province\/sahagun\/\" target=\"_blank\" data-type=\"link\" data-id=\"https:\/\/caminodesantiagofrances.com\/en\/leon-province\/sahagun\/\" rel=\"noreferrer noopener\">Sahag\u00fan<\/a><\/strong>, 24 June 1430 \u2013 Salamanca, 11 June 1479), was a Spanish Augustinian priest and hermit, canonised by the Catholic Church.<\/p>\n\n\n\n<h2 class=\"wp-block-heading has-text-align-center\">Biography of San&nbsp;Juan de Sahag\u00fan<\/h2>\n\n\n\n<p class=\"wp-block-paragraph\">His given name was <strong>Juan Gonz\u00e1lez del Castrillo<\/strong>. He was the eldest of seven siblings, the son of Juan Gonz\u00e1lez del Castrillo and Sancha Mart\u00ednez, a well-off couple. He received his early education at the <strong>Real Monasterio de San Benito<\/strong> in Sahag\u00fan. After taking the tonsure, the first of the clerical grades, he won the protection of the Bishop of Burgos, Alfonso de Cartagena, who oversaw his education in the city of <a href=\"https:\/\/caminodesantiagofrances.com\/en\/burgos-province\/burgos\/\" target=\"_blank\" data-type=\"link\" data-id=\"https:\/\/caminodesantiagofrances.com\/en\/burgos-province\/burgos\/\" rel=\"noreferrer noopener\"><strong>Burgos<\/strong><\/a> and appointed him canon secretary of <strong>Burgos Cathedral<\/strong>.<\/p>\n\n\n\n<p class=\"wp-block-paragraph\">Tom\u00e1s C\u00e1mara y Castro, Bishop of Salamanca between 1885 and 1904, published a biography of San Juan de Sahag\u00fan in 1891 entitled&nbsp;<em><strong>Vida de San Juan de Sahag\u00fan del Orden de San Agust\u00edn<\/strong>, patrono de Salamanca<\/em>&nbsp;(Salamanca, Imprenta Calatrava, 1891).<\/p>\n\n\n\n<h3 class=\"wp-block-heading has-text-align-center\">Life in Salamanca of San&nbsp;Juan de Sahag\u00fan<\/h3>\n\n\n\n<p class=\"wp-block-paragraph\">After being a student at the&nbsp;Colegio Mayor de San Bartolom\u00e9, he became an Augustinian friar at the convent this Order had in&nbsp;Salamanca.<\/p>\n\n\n\n<p class=\"wp-block-paragraph\">He was known for his involvement in the life of the city, and his greatest achievement was pacifying the feud between two&nbsp;factions&nbsp;of noble families who had been fighting in Salamanca for forty years, with violent deaths on both sides (the&nbsp;Plaza de los Bandos&nbsp;in Salamanca commemorates these events).<\/p>\n\n\n\n<p class=\"wp-block-paragraph\">Two miracles of his are remembered in Salamanca: chronicles tell that a boy fell into a deep well, but Juan threw down his&nbsp;cingulum, which reached far enough for the boy to grasp it. The saint then made the water level rise until the boy reached the surface. The miracle is commemorated in the name of the street where it happened: Pozo Amarillo. The other miracle tells that a fierce bull had escaped through the streets of Salamanca, spreading terror. Juan stopped it and calmed it by saying: &#8220;<em>Tente, necio<\/em>&#8221; (&#8220;Stop, fool&#8221;). The street where this happened is now called&nbsp;Tentenecio.<\/p>\n\n\n\n<p class=\"wp-block-paragraph\">It is said that his prayers freed Salamanca from an outbreak of typhus. He died a violent death. It is said that a&nbsp;commander&nbsp;in the city had a mistress. Upon hearing Juan de Sahag\u00fan&#8217;s sermons in the church of San Blas, he decided to leave her, and she, spurned, threatened to take San Juan&#8217;s life before the year was out. Some say she had the saint&#8217;s food poisoned. Others say she hired an assassin to stab him with a poisoned blade. Either way, he died of poisoning at the age of 50.<\/p>\n\n\n\n<figure class=\"wp-block-image aligncenter size-full\"><img loading=\"lazy\" decoding=\"async\" width=\"600\" height=\"315\" src=\"https:\/\/caminodesantiagofrances.com\/en\/wp-content\/uploads\/sites\/3\/2024\/02\/San-Juan-de-Sahagun-Camino-de-Santiago-Frances.jpg\" alt=\"\" class=\"wp-image-12490\" srcset=\"https:\/\/caminodesantiagofrances.com\/en\/wp-content\/uploads\/sites\/3\/2024\/02\/San-Juan-de-Sahagun-Camino-de-Santiago-Frances.jpg 600w, https:\/\/caminodesantiagofrances.com\/en\/wp-content\/uploads\/sites\/3\/2024\/02\/San-Juan-de-Sahagun-Camino-de-Santiago-Frances-300x158.jpg 300w\" sizes=\"auto, (max-width: 600px) 100vw, 600px\" \/><figcaption class=\"wp-element-caption\"><strong>San&nbsp;Juan de Sahag\u00fan<\/strong><\/figcaption><\/figure>\n\n\n\n<p class=\"wp-block-paragraph\">His remains now lie in the New Cathedral of Salamanca, although relics of his are kept in <strong><a href=\"https:\/\/caminodesantiagofrances.com\/en\/leon-province\/sahagun\/\" target=\"_blank\" data-type=\"link\" data-id=\"https:\/\/caminodesantiagofrances.com\/en\/leon-province\/sahagun\/\" rel=\"noreferrer noopener\">Sahag\u00fan<\/a><\/strong> and in several other places around the world.<\/p>\n\n\n\n<h2 class=\"wp-block-heading has-text-align-center\">Canonisation of San&nbsp;Juan de Sahag\u00fan<\/h2>\n\n\n\n<p class=\"wp-block-paragraph\">He was beatified by Pope Clement VIII in 1601. He was canonised by Pope Alexander VIII in 1691, and his feast day is celebrated on 12 June. He is the patron saint of both the town of <strong><a href=\"https:\/\/caminodesantiagofrances.com\/en\/leon-province\/sahagun\/\" target=\"_blank\" data-type=\"link\" data-id=\"https:\/\/caminodesantiagofrances.com\/en\/leon-province\/sahagun\/\" rel=\"noreferrer noopener\">Sahag\u00fan<\/a><\/strong> and of Salamanca. He has been the patron saint of Salamanca since 1868, and of his hometown <strong><a href=\"https:\/\/caminodesantiagofrances.com\/en\/leon-province\/sahagun\/\" target=\"_blank\" data-type=\"link\" data-id=\"https:\/\/caminodesantiagofrances.com\/en\/leon-province\/sahagun\/\" rel=\"noreferrer noopener\">Sahag\u00fan<\/a><\/strong>, which gives him his surname.<\/p>\n\n\n\n<p class=\"wp-block-paragraph\">San Juan de Sahag\u00fan is also the patron saint of the Colombian city of&nbsp;Sahag\u00fan.<\/p>\n\n\n\n<h3 class=\"wp-block-heading\">Related links<\/h3>\n\n\n\n<ul class=\"wp-block-list\">\n<li>The <strong>Church of San Juan de Sahag\u00fan<\/strong> in\u00a0<strong><a href=\"https:\/\/caminodesantiagofrances.com\/en\/leon-province\/sahagun\/\" target=\"_blank\" data-type=\"link\" data-id=\"https:\/\/caminodesantiagofrances.com\/en\/leon-province\/sahagun\/\" rel=\"noreferrer noopener\">Sahag\u00fan<\/a><\/strong>\u00a0is built on the site of the family home. Next to it stands the headquarters of the <strong>Hermandad de San Juan de Sahag\u00fan<\/strong> (Brotherhood of San Juan de Sahag\u00fan).<\/li>\n\n\n\n<li>In\u00a0<strong>Burgos Cathedral<\/strong>\u00a0there is a chapel dedicated to <strong>San Juan de Sahag\u00fan<\/strong>.<\/li>\n\n\n\n<li>In&nbsp;Salamanca, near the&nbsp;Plaza Mayor, stands the&nbsp;Church of San Juan de Sahag\u00fan.<\/li>\n<\/ul>\n\n\n\n<ul class=\"wp-block-list\">\n<li>Salamanca&nbsp;(Spain)<\/li>\n\n\n\n<li><strong><a href=\"https:\/\/caminodesantiagofrances.com\/en\/leon-province\/sahagun\/\" data-type=\"link\" data-id=\"https:\/\/caminodesantiagofrances.com\/en\/leon-province\/sahagun\/\">Sahag\u00fan<\/a><\/strong>\u00a0(<strong><a href=\"https:\/\/caminodesantiagofrances.com\/en\/leon-province\/\" data-type=\"link\" data-id=\"https:\/\/caminodesantiagofrances.com\/en\/leon-province\/\">Provincia de Le\u00f3n<\/a><\/strong>, Spain)<\/li>\n\n\n\n<li>Sahag\u00fan&nbsp;(Colombia)<\/li>\n<\/ul>\n\n\n\n<h2 class=\"wp-block-heading has-text-align-center\"><strong>San&nbsp;Juan de Sahag\u00fan<\/strong><\/h2>\n\n\n\n<figure class=\"wp-block-table\"><table><tbody><tr><th scope=\"row\">Birth<\/th><td>24 June&nbsp;1430, Sahag\u00fan<\/td><\/tr><tr><th scope=\"row\">Death<\/th><td>11 June&nbsp;1479, Salamanca<\/td><\/tr><tr><th scope=\"row\">Nationality<\/th><td>Spanish<\/td><\/tr><tr><th scope=\"row\">Religion<\/th><td>Catholic Church&nbsp;<a href=\"https:\/\/www.wikidata.org\/wiki\/Q773586?uselang=es#P140\" rel=\"nofollow noopener\" target=\"_blank\"><\/a><\/td><\/tr><tr><th>Education<\/th><\/tr><tr><th scope=\"row\">Educated at<\/th><td>Universidad de Salamanca&nbsp;<a href=\"https:\/\/www.wikidata.org\/wiki\/Q773586?uselang=es#P69\" rel=\"nofollow noopener\" target=\"_blank\"><\/a><\/td><\/tr><tr><th>Professional information<\/th><\/tr><tr><th scope=\"row\">Occupation<\/th><td>Priest&nbsp;<a href=\"https:\/\/www.wikidata.org\/wiki\/Q773586?uselang=es#P106\" rel=\"nofollow noopener\" target=\"_blank\"><\/a><\/td><\/tr><tr><th>Religious information<\/th><\/tr><tr><th scope=\"row\">Beatification<\/th><td>1601&nbsp;in&nbsp;Rome, by Pope&nbsp;Clement VIII<\/td><\/tr><tr><th scope=\"row\">Canonisation<\/th><td>16 October&nbsp;1690, by Pope&nbsp;Alexander VIII<\/td><\/tr><tr><th scope=\"row\">Feast day<\/th><td>12 June<\/td><\/tr><tr><th scope=\"row\">Venerated in<\/th><td>Catholic Church<\/td><\/tr><tr><th scope=\"row\">Patronage<\/th><\/tr><tr><th scope=\"row\">Religious order<\/th><td>Augustinians&nbsp;<a href=\"https:\/\/www.wikidata.org\/wiki\/Q773586?uselang=es#P611\" rel=\"nofollow noopener\" target=\"_blank\"><\/a><\/td><\/tr><\/tbody><\/table><\/figure>\n\n\n<p><nav aria-label=\"breadcrumbs\" class=\"rank-math-breadcrumb\"><p><span class=\"last\">Camino de Santiago Franc\u00e9s<\/span><\/p><\/nav><\/p>\n\n\n\n<hr class=\"wp-block-separator has-alpha-channel-opacity\"\/>\n\n\n\n<p class=\"wp-block-paragraph\"><strong>See also:<\/strong><\/p>\n\n\n\n<div class=\"wp-block-columns\">\n<div class=\"wp-block-column\">\n<figure class=\"wp-block-image aligncenter size-full\"><a href=\"https:\/\/prueba.caminodesantiagofrances.com\/en\/s\/iglesia-de-saint-john-of-sahagun\/\" target=\"_blank\" rel=\"noreferrer noopener\"><img decoding=\"async\" src=\"https:\/\/caminodesantiagofrances.com\/en\/wp-content\/uploads\/sites\/3\/2022\/10\/Iglesia-de-San-Juan-de-Sahagun-Camino-de-Santiago-Frances.jpg\" alt=\"\" class=\"wp-image-8539\"><\/a><\/figure>\n\n\n\n<h3 class=\"wp-block-heading has-text-align-center\"><strong>Church of San Juan de Sahag\u00fan<\/strong><\/h3>\n\n\n\n<div class=\"wp-block-columns\">\n<div class=\"wp-block-column\">\n<figure class=\"wp-block-image aligncenter size-full\"><a href=\"https:\/\/prueba.caminodesantiagofrances.com\/en\/s\/catedral-de-burgos\/\" target=\"_blank\" rel=\"noreferrer noopener\"><img decoding=\"async\" src=\"https:\/\/caminodesantiagofrances.com\/en\/wp-content\/uploads\/sites\/3\/2022\/10\/Catedral-de-Burgos-Camino-de-Santiago-Frances_2.jpg\" alt=\"\" class=\"wp-image-8552\"><\/a><\/figure>\n\n\n\n<h3 class=\"wp-block-heading has-text-align-center\">Burgos Cathedral<\/h3>\n<\/div>\n<\/div>\n<\/div>\n\n\n\n<div class=\"wp-block-column\">\n<figure class=\"wp-block-image aligncenter size-full\"><a href=\"https:\/\/caminodesantiagofrances.com\/en\/leon-province\/sahagun\/\" target=\"_blank\" rel=\"noreferrer noopener\"><img loading=\"lazy\" decoding=\"async\" width=\"600\" height=\"315\" src=\"https:\/\/caminodesantiagofrances.com\/en\/wp-content\/uploads\/sites\/3\/2024\/02\/Sahagun-Camino-de-Santiago-Frances.jpg\" alt=\"\" class=\"wp-image-11543\" srcset=\"https:\/\/caminodesantiagofrances.com\/en\/wp-content\/uploads\/sites\/3\/2024\/02\/Sahagun-Camino-de-Santiago-Frances.jpg 600w, https:\/\/caminodesantiagofrances.com\/en\/wp-content\/uploads\/sites\/3\/2024\/02\/Sahagun-Camino-de-Santiago-Frances-300x158.jpg 300w\" sizes=\"auto, (max-width: 600px) 100vw, 600px\" \/><\/a><\/figure>\n\n\n\n<h3 class=\"wp-block-heading has-text-align-center\"><strong><a href=\"https:\/\/caminodesantiagofrances.com\/en\/leon-province\/sahagun\/\" data-type=\"link\" data-id=\"https:\/\/caminodesantiagofrances.com\/en\/leon-province\/sahagun\/\">Sahag\u00fan<\/a><\/strong><\/h3>\n<\/div>\n<\/div>\n","protected":false},"excerpt":{"rendered":"<p>San Juan de Sahag\u00fan, O.E.S.A. (Sahag\u00fan, 24 June 1430 \u2013 Salamanca, 11 June 1479), was a Spanish Augustinian priest and hermit, canonised by the Catholic Church. Biography of San&nbsp;Juan de Sahag\u00fan His given name was Juan Gonz\u00e1lez del Castrillo. He was the eldest of seven siblings, the son of Juan Gonz\u00e1lez del Castrillo and Sancha [&hellip;]<\/p>\n","protected":false},"author":1,"featured_media":12490,"parent":5908,"menu_order":0,"comment_status":"closed","ping_status":"closed","template":"","meta":{"footnotes":""},"class_list":["post-8509","page","type-page","status-publish","has-post-thumbnail","hentry"],"_links":{"self":[{"href":"https:\/\/caminodesantiagofrances.com\/en\/wp-json\/wp\/v2\/pages\/8509","targetHints":{"allow":["GET"]}}],"collection":[{"href":"https:\/\/caminodesantiagofrances.com\/en\/wp-json\/wp\/v2\/pages"}],"about":[{"href":"https:\/\/caminodesantiagofrances.com\/en\/wp-json\/wp\/v2\/types\/page"}],"author":[{"embeddable":true,"href":"https:\/\/caminodesantiagofrances.com\/en\/wp-json\/wp\/v2\/users\/1"}],"replies":[{"embeddable":true,"href":"https:\/\/caminodesantiagofrances.com\/en\/wp-json\/wp\/v2\/comments?post=8509"}],"version-history":[{"count":0,"href":"https:\/\/caminodesantiagofrances.com\/en\/wp-json\/wp\/v2\/pages\/8509\/revisions"}],"up":[{"embeddable":true,"href":"https:\/\/caminodesantiagofrances.com\/en\/wp-json\/wp\/v2\/pages\/5908"}],"wp:featuredmedia":[{"embeddable":true,"href":"https:\/\/caminodesantiagofrances.com\/en\/wp-json\/wp\/v2\/media\/12490"}],"wp:attachment":[{"href":"https:\/\/caminodesantiagofrances.com\/en\/wp-json\/wp\/v2\/media?parent=8509"}],"curies":[{"name":"wp","href":"https:\/\/api.w.org\/{rel}","templated":true}]}}

<p class="wp-block-paragraph"><strong>San Juan de Sahagún</strong>, O.E.S.A. (<strong><a href="https://caminodesantiagofrances.com/en/leon-province/sahagun/" target="_blank" data-type="link" data-id="https://caminodesantiagofrances.com/en/leon-province/sahagun/" rel="noreferrer noopener">Sahagún</a></strong>, 24 June 1430 – Salamanca, 11 June 1479), was a Spanish Augustinian priest and hermit, canonised by the Catholic Church.</p>



<h2 class="wp-block-heading has-text-align-center">Biography of San&nbsp;Juan de Sahagún</h2>



<p class="wp-block-paragraph">His given name was <strong>Juan González del Castrillo</strong>. He was the eldest of seven siblings, the son of Juan González del Castrillo and Sancha Martínez, a well-off couple. He received his early education at the <strong>Real Monasterio de San Benito</strong> in Sahagún. After taking the tonsure, the first of the clerical grades, he won the protection of the Bishop of Burgos, Alfonso de Cartagena, who oversaw his education in the city of <a href="https://caminodesantiagofrances.com/en/burgos-province/burgos/" target="_blank" data-type="link" data-id="https://caminodesantiagofrances.com/en/burgos-province/burgos/" rel="noreferrer noopener"><strong>Burgos</strong></a> and appointed him canon secretary of <strong>Burgos Cathedral</strong>.</p>



<p class="wp-block-paragraph">Tomás Cámara y Castro, Bishop of Salamanca between 1885 and 1904, published a biography of San Juan de Sahagún in 1891 entitled&nbsp;<em><strong>Vida de San Juan de Sahagún del Orden de San Agustín</strong>, patrono de Salamanca</em>&nbsp;(Salamanca, Imprenta Calatrava, 1891).</p>



<h3 class="wp-block-heading has-text-align-center">Life in Salamanca of San&nbsp;Juan de Sahagún</h3>



<p class="wp-block-paragraph">After being a student at the&nbsp;Colegio Mayor de San Bartolomé, he became an Augustinian friar at the convent this Order had in&nbsp;Salamanca.</p>



<p class="wp-block-paragraph">He was known for his involvement in the life of the city, and his greatest achievement was pacifying the feud between two&nbsp;factions&nbsp;of noble families who had been fighting in Salamanca for forty years, with violent deaths on both sides (the&nbsp;Plaza de los Bandos&nbsp;in Salamanca commemorates these events).</p>



<p class="wp-block-paragraph">Two miracles of his are remembered in Salamanca: chronicles tell that a boy fell into a deep well, but Juan threw down his&nbsp;cingulum, which reached far enough for the boy to grasp it. The saint then made the water level rise until the boy reached the surface. The miracle is commemorated in the name of the street where it happened: Pozo Amarillo. The other miracle tells that a fierce bull had escaped through the streets of Salamanca, spreading terror. Juan stopped it and calmed it by saying: &#8220;<em>Tente, necio</em>&#8221; (&#8220;Stop, fool&#8221;). The street where this happened is now called&nbsp;Tentenecio.</p>



<p class="wp-block-paragraph">It is said that his prayers freed Salamanca from an outbreak of typhus. He died a violent death. It is said that a&nbsp;commander&nbsp;in the city had a mistress. Upon hearing Juan de Sahagún&#8217;s sermons in the church of San Blas, he decided to leave her, and she, spurned, threatened to take San Juan&#8217;s life before the year was out. Some say she had the saint&#8217;s food poisoned. Others say she hired an assassin to stab him with a poisoned blade. Either way, he died of poisoning at the age of 50.</p>



<figure class="wp-block-image aligncenter size-full"><img loading="lazy" decoding="async" width="600" height="315" src="https://caminodesantiagofrances.com/en/wp-content/uploads/sites/3/2024/02/San-Juan-de-Sahagun-Camino-de-Santiago-Frances.jpg" alt="" class="wp-image-12490" srcset="https://caminodesantiagofrances.com/en/wp-content/uploads/sites/3/2024/02/San-Juan-de-Sahagun-Camino-de-Santiago-Frances.jpg 600w, https://caminodesantiagofrances.com/en/wp-content/uploads/sites/3/2024/02/San-Juan-de-Sahagun-Camino-de-Santiago-Frances-300x158.jpg 300w" sizes="auto, (max-width: 600px) 100vw, 600px" /><figcaption class="wp-element-caption"><strong>San&nbsp;Juan de Sahagún</strong></figcaption></figure>



<p class="wp-block-paragraph">His remains now lie in the New Cathedral of Salamanca, although relics of his are kept in <strong><a href="https://caminodesantiagofrances.com/en/leon-province/sahagun/" target="_blank" data-type="link" data-id="https://caminodesantiagofrances.com/en/leon-province/sahagun/" rel="noreferrer noopener">Sahagún</a></strong> and in several other places around the world.</p>



<h2 class="wp-block-heading has-text-align-center">Canonisation of San&nbsp;Juan de Sahagún</h2>



<p class="wp-block-paragraph">He was beatified by Pope Clement VIII in 1601. He was canonised by Pope Alexander VIII in 1691, and his feast day is celebrated on 12 June. He is the patron saint of both the town of <strong><a href="https://caminodesantiagofrances.com/en/leon-province/sahagun/" target="_blank" data-type="link" data-id="https://caminodesantiagofrances.com/en/leon-province/sahagun/" rel="noreferrer noopener">Sahagún</a></strong> and of Salamanca. He has been the patron saint of Salamanca since 1868, and of his hometown <strong><a href="https://caminodesantiagofrances.com/en/leon-province/sahagun/" target="_blank" data-type="link" data-id="https://caminodesantiagofrances.com/en/leon-province/sahagun/" rel="noreferrer noopener">Sahagún</a></strong>, which gives him his surname.</p>



<p class="wp-block-paragraph">San Juan de Sahagún is also the patron saint of the Colombian city of&nbsp;Sahagún.</p>



<h3 class="wp-block-heading">Related links</h3>



<ul class="wp-block-list">
<li>The <strong>Church of San Juan de Sahagún</strong> in <strong><a href="https://caminodesantiagofrances.com/en/leon-province/sahagun/" target="_blank" data-type="link" data-id="https://caminodesantiagofrances.com/en/leon-province/sahagun/" rel="noreferrer noopener">Sahagún</a></strong> is built on the site of the family home. Next to it stands the headquarters of the <strong>Hermandad de San Juan de Sahagún</strong> (Brotherhood of San Juan de Sahagún).</li>



<li>In <strong>Burgos Cathedral</strong> there is a chapel dedicated to <strong>San Juan de Sahagún</strong>.</li>



<li>In&nbsp;Salamanca, near the&nbsp;Plaza Mayor, stands the&nbsp;Church of San Juan de Sahagún.</li>
</ul>



<ul class="wp-block-list">
<li>Salamanca&nbsp;(Spain)</li>



<li><strong><a href="https://caminodesantiagofrances.com/en/leon-province/sahagun/" data-type="link" data-id="https://caminodesantiagofrances.com/en/leon-province/sahagun/">Sahagún</a></strong> (<strong><a href="https://caminodesantiagofrances.com/en/leon-province/" data-type="link" data-id="https://caminodesantiagofrances.com/en/leon-province/">Provincia de León</a></strong>, Spain)</li>



<li>Sahagún&nbsp;(Colombia)</li>
</ul>



<h2 class="wp-block-heading has-text-align-center"><strong>San&nbsp;Juan de Sahagún</strong></h2>



<figure class="wp-block-table"><table><tbody><tr><th scope="row">Birth</th><td>24 June&nbsp;1430, Sahagún</td></tr><tr><th scope="row">Death</th><td>11 June&nbsp;1479, Salamanca</td></tr><tr><th scope="row">Nationality</th><td>Spanish</td></tr><tr><th scope="row">Religion</th><td>Catholic Church&nbsp;<a href="https://www.wikidata.org/wiki/Q773586?uselang=es#P140" rel="nofollow noopener" target="_blank"></a></td></tr><tr><th>Education</th></tr><tr><th scope="row">Educated at</th><td>Universidad de Salamanca&nbsp;<a href="https://www.wikidata.org/wiki/Q773586?uselang=es#P69" rel="nofollow noopener" target="_blank"></a></td></tr><tr><th>Professional information</th></tr><tr><th scope="row">Occupation</th><td>Priest&nbsp;<a href="https://www.wikidata.org/wiki/Q773586?uselang=es#P106" rel="nofollow noopener" target="_blank"></a></td></tr><tr><th>Religious information</th></tr><tr><th scope="row">Beatification</th><td>1601&nbsp;in&nbsp;Rome, by Pope&nbsp;Clement VIII</td></tr><tr><th scope="row">Canonisation</th><td>16 October&nbsp;1690, by Pope&nbsp;Alexander VIII</td></tr><tr><th scope="row">Feast day</th><td>12 June</td></tr><tr><th scope="row">Venerated in</th><td>Catholic Church</td></tr><tr><th scope="row">Patronage</th></tr><tr><th scope="row">Religious order</th><td>Augustinians&nbsp;<a href="https://www.wikidata.org/wiki/Q773586?uselang=es#P611" rel="nofollow noopener" target="_blank"></a></td></tr></tbody></table></figure>


<p><nav aria-label="breadcrumbs" class="rank-math-breadcrumb"><p><span class="last">Camino de Santiago Francés</span></p></nav></p>



<hr class="wp-block-separator has-alpha-channel-opacity"/>



<p class="wp-block-paragraph"><strong>See also:</strong></p>



<div class="wp-block-columns">
<div class="wp-block-column">
<figure class="wp-block-image aligncenter size-full"><a href="https://prueba.caminodesantiagofrances.com/en/s/iglesia-de-saint-john-of-sahagun/" target="_blank" rel="noreferrer noopener"><img decoding="async" src="https://caminodesantiagofrances.com/en/wp-content/uploads/sites/3/2022/10/Iglesia-de-San-Juan-de-Sahagun-Camino-de-Santiago-Frances.jpg" alt="" class="wp-image-8539"></a></figure>



<h3 class="wp-block-heading has-text-align-center"><strong>Church of San Juan de Sahagún</strong></h3>



<div class="wp-block-columns">
<div class="wp-block-column">
<figure class="wp-block-image aligncenter size-full"><a href="https://prueba.caminodesantiagofrances.com/en/s/catedral-de-burgos/" target="_blank" rel="noreferrer noopener"><img decoding="async" src="https://caminodesantiagofrances.com/en/wp-content/uploads/sites/3/2022/10/Catedral-de-Burgos-Camino-de-Santiago-Frances_2.jpg" alt="" class="wp-image-8552"></a></figure>



<h3 class="wp-block-heading has-text-align-center">Burgos Cathedral</h3>
</div>
</div>
</div>



<div class="wp-block-column">
<figure class="wp-block-image aligncenter size-full"><a href="https://caminodesantiagofrances.com/en/leon-province/sahagun/" target="_blank" rel="noreferrer noopener"><img loading="lazy" decoding="async" width="600" height="315" src="https://caminodesantiagofrances.com/en/wp-content/uploads/sites/3/2024/02/Sahagun-Camino-de-Santiago-Frances.jpg" alt="" class="wp-image-11543" srcset="https://caminodesantiagofrances.com/en/wp-content/uploads/sites/3/2024/02/Sahagun-Camino-de-Santiago-Frances.jpg 600w, https://caminodesantiagofrances.com/en/wp-content/uploads/sites/3/2024/02/Sahagun-Camino-de-Santiago-Frances-300x158.jpg 300w" sizes="auto, (max-width: 600px) 100vw, 600px" /></a></figure>



<h3 class="wp-block-heading has-text-align-center"><strong><a href="https://caminodesantiagofrances.com/en/leon-province/sahagun/" data-type="link" data-id="https://caminodesantiagofrances.com/en/leon-province/sahagun/">Sahagún</a></strong></h3>
</div>
</div>

<p>San Juan de Sahagún, O.E.S.A. (Sahagún, 24 June 1430 – Salamanca, 11 June 1479), was a Spanish Augustinian priest and hermit, canonised by the Catholic Church. Biography of San&nbsp;Juan de Sahagún His given name was Juan González del Castrillo. He was the eldest of seven siblings, the son of Juan González del Castrillo and Sancha [&hellip;]</p>
