{"id":8588,"date":"2022-11-02T09:12:59","date_gmt":"2022-11-02T09:12:59","guid":{"rendered":"https:\/\/prueba.caminodesantiagofrances.com\/en\/?page_id=8588"},"modified":"2024-02-25T11:46:25","modified_gmt":"2024-02-25T10:46:25","slug":"san-lesmes","status":"publish","type":"page","link":"https:\/\/caminodesantiagofrances.com\/en\/santos\/san-lesmes\/","title":{"rendered":"San Lesmes"},"content":{"rendered":"\n<h2 class=\"wp-block-heading has-text-align-center\">Lesmes de Burgos<\/h2>\n\n\n\n<p class=\"wp-block-paragraph\">San Lesmes (\u2020 1097), en espa\u00f1ol medieval Adelhem o Adelelme y en franc\u00e9s Saint Aleaume, fue un monje benedictino venerado como santo en la Iglesia Cat\u00f3lica.<\/p>\n\n\n\n<h2 class=\"wp-block-heading has-text-align-center\">Historia \u2013 San Lesmes<\/h2>\n\n\n\n<p class=\"wp-block-paragraph\">Naci\u00f3 en Loudun, Poitou (Francia) en el seno de una familia rica. Siendo joven, reparti\u00f3 sus bienes entre los pobres y vestido con ropas de sirviente fue en peregrinaci\u00f3n a Roma. Posteriormente, se hizo monje y lleg\u00f3 a ser abad del monasterio de La Chaise-Dieu, en la Auvernia.<\/p>\n\n\n\n<p class=\"wp-block-paragraph\">La reina Constanza de Borgo\u00f1a, de origen franc\u00e9s y esposa del rey Alfonso VI, le llam\u00f3 para que sustituyese la liturgia moz\u00e1rabe por la romana.<\/p>\n\n\n\n<p class=\"wp-block-paragraph\">Fund\u00f3 en <strong><a href=\"https:\/\/caminodesantiagofrances.com\/en\/provincia-de-burgos\/burgos\/\" target=\"_blank\" data-type=\"link\" data-id=\"https:\/\/caminodesantiagofrances.com\/en\/provincia-de-burgos\/burgos\/\" rel=\"noreferrer noopener\">Burgos<\/a><\/strong> el monasterio benedictino de San Juan Evangelista, donde se dedic\u00f3 a atender a los <a href=\"https:\/\/caminodesantiagofrances.com\/en\/peregrinos\/\" target=\"_blank\" data-type=\"link\" data-id=\"https:\/\/caminodesantiagofrances.com\/en\/peregrinos\/\" rel=\"noreferrer noopener\">peregrinos<\/a> del <strong><a href=\"https:\/\/caminodesantiagofrances.com\/en\/\" target=\"_blank\" data-type=\"link\" data-id=\"https:\/\/caminodesantiagofrances.com\/en\/\" rel=\"noreferrer noopener\">Camino de Santiago Franc\u00e9s<\/a><\/strong>.<\/p>\n\n\n\n<p class=\"wp-block-paragraph\">En 1085, durante la reconquista de Toledo, anim\u00f3 al ej\u00e9rcito castellano para que se introdujese en la ciudad a trav\u00e9s del r\u00edo Tajo.<\/p>\n\n\n\n<figure class=\"wp-block-image aligncenter size-full\"><img loading=\"lazy\" decoding=\"async\" width=\"600\" height=\"315\" src=\"https:\/\/caminodesantiagofrances.com\/en\/wp-content\/uploads\/sites\/3\/2024\/02\/San-Lesmes-Camino-de-Santiago-Frances.jpg\" alt=\"\" class=\"wp-image-12376\" srcset=\"https:\/\/caminodesantiagofrances.com\/en\/wp-content\/uploads\/sites\/3\/2024\/02\/San-Lesmes-Camino-de-Santiago-Frances.jpg 600w, https:\/\/caminodesantiagofrances.com\/en\/wp-content\/uploads\/sites\/3\/2024\/02\/San-Lesmes-Camino-de-Santiago-Frances-300x158.jpg 300w\" sizes=\"auto, (max-width: 600px) 100vw, 600px\" \/><figcaption class=\"wp-element-caption\"><strong>San Lesmes<\/strong><\/figcaption><\/figure>\n\n\n\n<p class=\"wp-block-paragraph\">Falleci\u00f3 en el a\u00f1o 1097 y fue enterrado en el monasterio de San Juan. M\u00e1s tarde, su tumba fue trasladada a la <strong>Iglesia de San Lesmes Abad<\/strong>.<\/p>\n\n\n\n<p class=\"wp-block-paragraph\">Su entrega al servicio de los pobres y enfermos le mereci\u00f3 el ser considerado santo. Es patr\u00f3n de la ciudad de\u00a0<strong><a href=\"https:\/\/caminodesantiagofrances.com\/en\/provincia-de-burgos\/burgos\/\" data-type=\"link\" data-id=\"https:\/\/caminodesantiagofrances.com\/en\/provincia-de-burgos\/burgos\/\">Burgos<\/a><\/strong>.<\/p>\n\n\n\n<h2 class=\"wp-block-heading\">Iglesias dedicadas a San Lesmes<\/h2>\n\n\n\n<ul class=\"wp-block-list\">\n<li><strong>Iglesia de San Lesmes Abad<\/strong>, en <strong><a href=\"https:\/\/caminodesantiagofrances.com\/en\/provincia-de-burgos\/burgos\/\" target=\"_blank\" data-type=\"link\" data-id=\"https:\/\/caminodesantiagofrances.com\/en\/provincia-de-burgos\/burgos\/\" rel=\"noreferrer noopener\">Burgos<\/a><\/strong>.<\/li>\n\n\n\n<li>Iglesia de San Lesmes Abad, en Alcobendas (Madrid).<\/li>\n\n\n\n<li>Iglesia de San Nicol\u00e1s de Bari, en Murcia. En el interior de la iglesia existe una talla de San Lesmes Abad, realizada en alabastro por el artista burgal\u00e9s Andr\u00e9s Mart\u00ednez Abelenda, por encargo de la Hermandad del Sant\u00edsimo Cristo de Burgos y San Lesmes en Murcia.<\/li>\n<\/ul>\n\n\n\n<h2 class=\"wp-block-heading has-text-align-center\">San Lesmes<\/h2>\n\n\n\n<figure class=\"wp-block-table\"><table><tbody><tr><th scope=\"row\">Nacimiento<\/th><td>1035&nbsp;Loudun,&nbsp;Poitou<\/td><\/tr><tr><th scope=\"row\">Fallecimiento<\/th><td>30 de enero&nbsp;de&nbsp;1097<br>Burgos<\/td><\/tr><tr><th scope=\"row\">Venerado&nbsp;en<\/th><td>Iglesia cat\u00f3lica<\/td><\/tr><tr><th scope=\"row\">Orden religiosa<\/th><td>Orden de San Benito&nbsp;<a href=\"https:\/\/web.archive.org\/web\/20211021134512\/https:\/\/www.wikidata.org\/wiki\/Q2421685?uselang=es#P611\" rel=\"noreferrer noopener nofollow\" target=\"_blank\"><\/a><\/td><\/tr><tr><th scope=\"row\">Festividad<\/th><td>30 de enero<\/td><\/tr><tr><th scope=\"row\">Patronazgo<\/th><td><strong>Ciudad de\u00a0<a href=\"https:\/\/caminodesantiagofrances.com\/en\/provincia-de-burgos\/burgos\/\" target=\"_blank\" data-type=\"link\" data-id=\"https:\/\/caminodesantiagofrances.com\/en\/provincia-de-burgos\/burgos\/\" rel=\"noreferrer noopener\">Burgos<\/a><\/strong><\/td><\/tr><\/tbody><\/table><\/figure>\n\n\n<p><nav aria-label=\"breadcrumbs\" class=\"rank-math-breadcrumb\"><p><span class=\"last\">Camino de Santiago Franc\u00e9s<\/span><\/p><\/nav><\/p>\n\n\n\n<hr class=\"wp-block-separator has-alpha-channel-opacity\"\/>\n\n\n\n<p class=\"wp-block-paragraph\"><strong>V\u00e9ase tambi\u00e9n:<\/strong><\/p>\n\n\n\n<div class=\"wp-block-columns\">\n<div class=\"wp-block-column\">\n<figure class=\"wp-block-image aligncenter size-full\"><img loading=\"lazy\" decoding=\"async\" width=\"600\" height=\"315\" src=\"https:\/\/caminodesantiagofrances.com\/en\/wp-content\/uploads\/sites\/3\/2024\/02\/Burgos-Camino-de-Santiago-Frances.jpg\" alt=\"\" class=\"wp-image-11390\" srcset=\"https:\/\/caminodesantiagofrances.com\/en\/wp-content\/uploads\/sites\/3\/2024\/02\/Burgos-Camino-de-Santiago-Frances.jpg 600w, https:\/\/caminodesantiagofrances.com\/en\/wp-content\/uploads\/sites\/3\/2024\/02\/Burgos-Camino-de-Santiago-Frances-300x158.jpg 300w\" sizes=\"auto, (max-width: 600px) 100vw, 600px\" \/><\/figure>\n\n\n\n<h3 class=\"wp-block-heading has-text-align-center\"><strong><a href=\"https:\/\/caminodesantiagofrances.com\/en\/provincia-de-burgos\/burgos\/\" target=\"_blank\" data-type=\"link\" data-id=\"https:\/\/caminodesantiagofrances.com\/en\/provincia-de-burgos\/burgos\/\" rel=\"noreferrer noopener\">Burgos<\/a><\/strong><\/h3>\n<\/div>\n\n\n\n<div class=\"wp-block-column\">\n<figure class=\"wp-block-image aligncenter size-full\"><a href=\"https:\/\/prueba.caminodesantiagofrances.com\/en\/s\/iglesia-de-san-lesmes-abad\/\" target=\"_blank\" rel=\"noreferrer noopener\"><img decoding=\"async\" src=\"https:\/\/caminodesantiagofrances.com\/en\/wp-content\/uploads\/sites\/3\/2022\/11\/Iglesia-de-San-Lesmes-Abad-Camino-de-Santiago-Frances.jpg\" alt=\"\" class=\"wp-image-8601\"><\/a><\/figure>\n\n\n\n<h3 class=\"wp-block-heading has-text-align-center\"><strong>Iglesia de San Lesmes Abad<\/strong><\/h3>\n<\/div>\n<\/div>\n","protected":false},"excerpt":{"rendered":"<p>Lesmes de Burgos San Lesmes (\u2020 1097), en espa\u00f1ol medieval Adelhem o Adelelme y en franc\u00e9s Saint Aleaume, fue un monje benedictino venerado como santo en la Iglesia Cat\u00f3lica. Historia \u2013 San Lesmes Naci\u00f3 en Loudun, Poitou (Francia) en el seno de una familia rica. Siendo joven, reparti\u00f3 sus bienes entre los pobres y vestido [&hellip;]<\/p>\n","protected":false},"author":1,"featured_media":12376,"parent":5908,"menu_order":0,"comment_status":"closed","ping_status":"closed","template":"","meta":{"footnotes":""},"class_list":["post-8588","page","type-page","status-publish","has-post-thumbnail","hentry"],"_links":{"self":[{"href":"https:\/\/caminodesantiagofrances.com\/en\/wp-json\/wp\/v2\/pages\/8588","targetHints":{"allow":["GET"]}}],"collection":[{"href":"https:\/\/caminodesantiagofrances.com\/en\/wp-json\/wp\/v2\/pages"}],"about":[{"href":"https:\/\/caminodesantiagofrances.com\/en\/wp-json\/wp\/v2\/types\/page"}],"author":[{"embeddable":true,"href":"https:\/\/caminodesantiagofrances.com\/en\/wp-json\/wp\/v2\/users\/1"}],"replies":[{"embeddable":true,"href":"https:\/\/caminodesantiagofrances.com\/en\/wp-json\/wp\/v2\/comments?post=8588"}],"version-history":[{"count":0,"href":"https:\/\/caminodesantiagofrances.com\/en\/wp-json\/wp\/v2\/pages\/8588\/revisions"}],"up":[{"embeddable":true,"href":"https:\/\/caminodesantiagofrances.com\/en\/wp-json\/wp\/v2\/pages\/5908"}],"wp:featuredmedia":[{"embeddable":true,"href":"https:\/\/caminodesantiagofrances.com\/en\/wp-json\/wp\/v2\/media\/12376"}],"wp:attachment":[{"href":"https:\/\/caminodesantiagofrances.com\/en\/wp-json\/wp\/v2\/media?parent=8588"}],"curies":[{"name":"wp","href":"https:\/\/api.w.org\/{rel}","templated":true}]}}

<h2 class="wp-block-heading has-text-align-center">Lesmes de Burgos</h2>



<p class="wp-block-paragraph">San Lesmes († 1097), en español medieval Adelhem o Adelelme y en francés Saint Aleaume, fue un monje benedictino venerado como santo en la Iglesia Católica.</p>



<h2 class="wp-block-heading has-text-align-center">Historia – San Lesmes</h2>



<p class="wp-block-paragraph">Nació en Loudun, Poitou (Francia) en el seno de una familia rica. Siendo joven, repartió sus bienes entre los pobres y vestido con ropas de sirviente fue en peregrinación a Roma. Posteriormente, se hizo monje y llegó a ser abad del monasterio de La Chaise-Dieu, en la Auvernia.</p>



<p class="wp-block-paragraph">La reina Constanza de Borgoña, de origen francés y esposa del rey Alfonso VI, le llamó para que sustituyese la liturgia mozárabe por la romana.</p>



<p class="wp-block-paragraph">Fundó en <strong><a href="https://caminodesantiagofrances.com/en/provincia-de-burgos/burgos/" target="_blank" data-type="link" data-id="https://caminodesantiagofrances.com/en/provincia-de-burgos/burgos/" rel="noreferrer noopener">Burgos</a></strong> el monasterio benedictino de San Juan Evangelista, donde se dedicó a atender a los <a href="https://caminodesantiagofrances.com/en/peregrinos/" target="_blank" data-type="link" data-id="https://caminodesantiagofrances.com/en/peregrinos/" rel="noreferrer noopener">peregrinos</a> del <strong><a href="https://caminodesantiagofrances.com/en/" target="_blank" data-type="link" data-id="https://caminodesantiagofrances.com/en/" rel="noreferrer noopener">Camino de Santiago Francés</a></strong>.</p>



<p class="wp-block-paragraph">En 1085, durante la reconquista de Toledo, animó al ejército castellano para que se introdujese en la ciudad a través del río Tajo.</p>



<figure class="wp-block-image aligncenter size-full"><img loading="lazy" decoding="async" width="600" height="315" src="https://caminodesantiagofrances.com/en/wp-content/uploads/sites/3/2024/02/San-Lesmes-Camino-de-Santiago-Frances.jpg" alt="" class="wp-image-12376" srcset="https://caminodesantiagofrances.com/en/wp-content/uploads/sites/3/2024/02/San-Lesmes-Camino-de-Santiago-Frances.jpg 600w, https://caminodesantiagofrances.com/en/wp-content/uploads/sites/3/2024/02/San-Lesmes-Camino-de-Santiago-Frances-300x158.jpg 300w" sizes="auto, (max-width: 600px) 100vw, 600px" /><figcaption class="wp-element-caption"><strong>San Lesmes</strong></figcaption></figure>



<p class="wp-block-paragraph">Falleció en el año 1097 y fue enterrado en el monasterio de San Juan. Más tarde, su tumba fue trasladada a la <strong>Iglesia de San Lesmes Abad</strong>.</p>



<p class="wp-block-paragraph">Su entrega al servicio de los pobres y enfermos le mereció el ser considerado santo. Es patrón de la ciudad de <strong><a href="https://caminodesantiagofrances.com/en/provincia-de-burgos/burgos/" data-type="link" data-id="https://caminodesantiagofrances.com/en/provincia-de-burgos/burgos/">Burgos</a></strong>.</p>



<h2 class="wp-block-heading">Iglesias dedicadas a San Lesmes</h2>



<ul class="wp-block-list">
<li><strong>Iglesia de San Lesmes Abad</strong>, en <strong><a href="https://caminodesantiagofrances.com/en/provincia-de-burgos/burgos/" target="_blank" data-type="link" data-id="https://caminodesantiagofrances.com/en/provincia-de-burgos/burgos/" rel="noreferrer noopener">Burgos</a></strong>.</li>



<li>Iglesia de San Lesmes Abad, en Alcobendas (Madrid).</li>



<li>Iglesia de San Nicolás de Bari, en Murcia. En el interior de la iglesia existe una talla de San Lesmes Abad, realizada en alabastro por el artista burgalés Andrés Martínez Abelenda, por encargo de la Hermandad del Santísimo Cristo de Burgos y San Lesmes en Murcia.</li>
</ul>



<h2 class="wp-block-heading has-text-align-center">San Lesmes</h2>



<figure class="wp-block-table"><table><tbody><tr><th scope="row">Nacimiento</th><td>1035&nbsp;Loudun,&nbsp;Poitou</td></tr><tr><th scope="row">Fallecimiento</th><td>30 de enero&nbsp;de&nbsp;1097<br>Burgos</td></tr><tr><th scope="row">Venerado&nbsp;en</th><td>Iglesia católica</td></tr><tr><th scope="row">Orden religiosa</th><td>Orden de San Benito&nbsp;<a href="https://web.archive.org/web/20211021134512/https://www.wikidata.org/wiki/Q2421685?uselang=es#P611" rel="noreferrer noopener nofollow" target="_blank"></a></td></tr><tr><th scope="row">Festividad</th><td>30 de enero</td></tr><tr><th scope="row">Patronazgo</th><td><strong>Ciudad de <a href="https://caminodesantiagofrances.com/en/provincia-de-burgos/burgos/" target="_blank" data-type="link" data-id="https://caminodesantiagofrances.com/en/provincia-de-burgos/burgos/" rel="noreferrer noopener">Burgos</a></strong></td></tr></tbody></table></figure>


<p><nav aria-label="breadcrumbs" class="rank-math-breadcrumb"><p><span class="last">Camino de Santiago Francés</span></p></nav></p>



<hr class="wp-block-separator has-alpha-channel-opacity"/>



<p class="wp-block-paragraph"><strong>Véase también:</strong></p>



<div class="wp-block-columns">
<div class="wp-block-column">
<figure class="wp-block-image aligncenter size-full"><img loading="lazy" decoding="async" width="600" height="315" src="https://caminodesantiagofrances.com/en/wp-content/uploads/sites/3/2024/02/Burgos-Camino-de-Santiago-Frances.jpg" alt="" class="wp-image-11390" srcset="https://caminodesantiagofrances.com/en/wp-content/uploads/sites/3/2024/02/Burgos-Camino-de-Santiago-Frances.jpg 600w, https://caminodesantiagofrances.com/en/wp-content/uploads/sites/3/2024/02/Burgos-Camino-de-Santiago-Frances-300x158.jpg 300w" sizes="auto, (max-width: 600px) 100vw, 600px" /></figure>



<h3 class="wp-block-heading has-text-align-center"><strong><a href="https://caminodesantiagofrances.com/en/provincia-de-burgos/burgos/" target="_blank" data-type="link" data-id="https://caminodesantiagofrances.com/en/provincia-de-burgos/burgos/" rel="noreferrer noopener">Burgos</a></strong></h3>
</div>



<div class="wp-block-column">
<figure class="wp-block-image aligncenter size-full"><a href="https://prueba.caminodesantiagofrances.com/en/s/iglesia-de-san-lesmes-abad/" target="_blank" rel="noreferrer noopener"><img decoding="async" src="https://caminodesantiagofrances.com/en/wp-content/uploads/sites/3/2022/11/Iglesia-de-San-Lesmes-Abad-Camino-de-Santiago-Frances.jpg" alt="" class="wp-image-8601"></a></figure>



<h3 class="wp-block-heading has-text-align-center"><strong>Iglesia de San Lesmes Abad</strong></h3>
</div>
</div>

<p>Lesmes de Burgos San Lesmes († 1097), en español medieval Adelhem o Adelelme y en francés Saint Aleaume, fue un monje benedictino venerado como santo en la Iglesia Católica. Historia – San Lesmes Nació en Loudun, Poitou (Francia) en el seno de una familia rica. Siendo joven, repartió sus bienes entre los pobres y vestido [&hellip;]</p>
