{"id":8655,"date":"2022-11-07T19:16:29","date_gmt":"2022-11-07T19:16:29","guid":{"rendered":"https:\/\/prueba.caminodesantiagofrances.com\/en\/?page_id=8655"},"modified":"2024-02-25T11:43:31","modified_gmt":"2024-02-25T10:43:31","slug":"san-marcelo","status":"publish","type":"page","link":"https:\/\/caminodesantiagofrances.com\/en\/santos\/san-marcelo\/","title":{"rendered":"San Marcelo"},"content":{"rendered":"\n<h2 class=\"wp-block-heading has-text-align-center\">Marcelo (M\u00e1rtir)<\/h2>\n\n\n\n<p class=\"wp-block-paragraph\">Marcelo (en lat\u00edn, Marcellus) fue un centuri\u00f3n de la Legio VII Gemina P\u00eda F\u00e9lix que naci\u00f3 y vivi\u00f3 en Le\u00f3n durante la segunda mitad del siglo III. Es venerado como un santo, uno de los patrones de la ciudad de&nbsp;<strong><a href=\"https:\/\/prueba.caminodesantiagofrances.com\/en\/l\/leon\/\" target=\"_blank\" data-type=\"URL\" data-id=\"https:\/\/prueba.caminodesantiagofrances.com\/en\/l\/leon\/\" rel=\"noreferrer noopener\">Le\u00f3n<\/a><\/strong>, Espa\u00f1a.<\/p>\n\n\n\n<h2 class=\"wp-block-heading has-text-align-center\">Biograf\u00eda San Marcelo<\/h2>\n\n\n\n<p class=\"wp-block-paragraph\">El lugar donde viv\u00eda su familia se supone pr\u00f3xima a la muralla de Le\u00f3n y la puerta de poniente, en la calle que hoy en d\u00eda se conoce como calle Ancha y que conserva una capilla denominada capilla del Cristo de la Victoria, por el cristo que conserva en su interior.<\/p>\n\n\n\n<p class=\"wp-block-paragraph\">Marcelo estuvo casado con santa Nonia, o Nona, y tuvo doce hijos: Claudio, Lupercio, Victorico, Facundo, Primitivo, Emeterio, Celedonio, Servando, Germano, Fausto, Jenuario y Marcial.<\/p>\n\n\n\n<p class=\"wp-block-paragraph\">La historia nos dice que el motivo de su martirio fue que celebrando las fiestas por el nacimiento del Emperador Valerio en julio del a\u00f1o 298, san Marcelo hizo p\u00fablica su creencia cristiana y su \u00fanica adoraci\u00f3n al Dios del Cielo y de la Tierra, tirando al suelo su espada y el sarmiento de vid (atributos de su rango militar). La causa de Marcelo se remiti\u00f3 al Vicario de Prefecto Pretorio Aurelio Agricolano, que se hallaba en ese tiempo en T\u00e1nger y ten\u00eda la mayor autoridad sobre Espa\u00f1a y la Provincia de \u00c1frica (Tingitania).<\/p>\n\n\n\n<figure class=\"wp-block-image aligncenter size-full\"><img loading=\"lazy\" decoding=\"async\" width=\"600\" height=\"315\" src=\"https:\/\/caminodesantiagofrances.com\/en\/wp-content\/uploads\/sites\/3\/2024\/02\/San-Marcelo-Camino-de-Santiago-Frances.jpg\" alt=\"\" class=\"wp-image-12369\" srcset=\"https:\/\/caminodesantiagofrances.com\/en\/wp-content\/uploads\/sites\/3\/2024\/02\/San-Marcelo-Camino-de-Santiago-Frances.jpg 600w, https:\/\/caminodesantiagofrances.com\/en\/wp-content\/uploads\/sites\/3\/2024\/02\/San-Marcelo-Camino-de-Santiago-Frances-300x158.jpg 300w\" sizes=\"auto, (max-width: 600px) 100vw, 600px\" \/><figcaption class=\"wp-element-caption\"><strong>San Marcelo<\/strong><\/figcaption><\/figure>\n\n\n\n<p class=\"wp-block-paragraph\">El d\u00eda 29 de octubre del a\u00f1o 298 fue condenado a muerte por decapitaci\u00f3n. Su festividad se celebra el 30 de octubre.<\/p>\n\n\n\n<figure class=\"wp-block-table\"><table><tbody><tr><th>Informaci\u00f3n personal<\/th><\/tr><tr><th scope=\"row\">Nacimiento<\/th><td>Siglo III\u00a0, <strong><a href=\"https:\/\/caminodesantiagofrances.com\/en\/provincia-de-leon\/leon\/\" target=\"_blank\" data-type=\"link\" data-id=\"https:\/\/caminodesantiagofrances.com\/en\/provincia-de-leon\/leon\/\" rel=\"noreferrer noopener\">Le\u00f3n<\/a><\/strong>\u00a0(<strong><a href=\"https:\/\/caminodesantiagofrances.com\/en\/provincia-de-leon\/\" target=\"_blank\" data-type=\"link\" data-id=\"https:\/\/caminodesantiagofrances.com\/en\/provincia-de-leon\/\" rel=\"noreferrer noopener\">Provincia de Le\u00f3n<\/a><\/strong>, Espa\u00f1a)\u00a0<a href=\"https:\/\/www.wikidata.org\/wiki\/Q16509164?uselang=es#P19\" rel=\"nofollow noopener\" target=\"_blank\"><\/a><\/td><\/tr><tr><th scope=\"row\">Fallecimiento<\/th><td>29 de octubre&nbsp;de&nbsp;298<br>T\u00e1nger&nbsp;(Marruecos)&nbsp;<a href=\"https:\/\/www.wikidata.org\/wiki\/Q16509164?uselang=es#P20\" rel=\"nofollow noopener\" target=\"_blank\"><\/a><\/td><\/tr><tr><th scope=\"row\">Causa de muerte<\/th><td>Decapitaci\u00f3n&nbsp;<a href=\"https:\/\/www.wikidata.org\/wiki\/Q16509164?uselang=es#P509\" rel=\"nofollow noopener\" target=\"_blank\"><\/a><\/td><\/tr><tr><th>Informaci\u00f3n profesional<\/th><\/tr><tr><th scope=\"row\">Ocupaci\u00f3n<\/th><td>Soldado romano&nbsp;<a href=\"https:\/\/www.wikidata.org\/wiki\/Q16509164?uselang=es#P106\" rel=\"nofollow noopener\" target=\"_blank\"><\/a><\/td><\/tr><tr><th>Informaci\u00f3n religiosa<\/th><\/tr><tr><th scope=\"row\">Canonizaci\u00f3n<\/th><td>Santo&nbsp;<a href=\"https:\/\/www.wikidata.org\/wiki\/Q16509164?uselang=es#P411\" rel=\"nofollow noopener\" target=\"_blank\"><\/a><\/td><\/tr><tr><th scope=\"row\">Festividad<\/th><td>30 de octubre<\/td><\/tr><tr><th scope=\"row\">Patronazgo<\/th><td><strong><a href=\"https:\/\/caminodesantiagofrances.com\/en\/provincia-de-leon\/leon\/\" target=\"_blank\" data-type=\"link\" data-id=\"https:\/\/caminodesantiagofrances.com\/en\/provincia-de-leon\/leon\/\" rel=\"noreferrer noopener\">Le\u00f3n<\/a><\/strong><\/td><\/tr><tr><th scope=\"row\">Rama militar<\/th><td>Ej\u00e9rcito romano&nbsp;<a href=\"https:\/\/www.wikidata.org\/wiki\/Q16509164?uselang=es#P241\" rel=\"nofollow noopener\" target=\"_blank\"><\/a><\/td><\/tr><tr><th scope=\"row\">Rango militar<\/th><td>Centuri\u00f3n&nbsp;<a href=\"https:\/\/www.wikidata.org\/wiki\/Q16509164?uselang=es#P410\" rel=\"nofollow noopener\" target=\"_blank\"><\/a><\/td><\/tr><tr><td><\/td><\/tr><tr><th>Informaci\u00f3n criminal<\/th><\/tr><tr><th scope=\"row\">Cargos criminales<\/th><td>deserci\u00f3n&nbsp;<a href=\"https:\/\/www.wikidata.org\/wiki\/Q16509164?uselang=es#P1399\" rel=\"nofollow noopener\" target=\"_blank\"><\/a><\/td><\/tr><\/tbody><\/table><\/figure>\n\n\n<p><nav aria-label=\"breadcrumbs\" class=\"rank-math-breadcrumb\"><p><span class=\"last\">Camino de Santiago Franc\u00e9s<\/span><\/p><\/nav><\/p>\n\n\n\n<hr class=\"wp-block-separator has-alpha-channel-opacity\"\/>\n\n\n\n<p class=\"wp-block-paragraph\"><strong>V\u00e9ase tambi\u00e9n:<\/strong><\/p>\n\n\n\n<div class=\"wp-block-columns\">\n<div class=\"wp-block-column\">\n<figure class=\"wp-block-image aligncenter size-full\"><a href=\"https:\/\/caminodesantiagofrances.com\/en\/provincia-de-leon\/leon\/\" target=\"_blank\" rel=\"noreferrer noopener\"><img loading=\"lazy\" decoding=\"async\" width=\"1200\" height=\"630\" src=\"https:\/\/caminodesantiagofrances.com\/en\/wp-content\/uploads\/sites\/3\/2024\/02\/Leon-Camino-de-Santiago-Frances.jpg\" alt=\"\" class=\"wp-image-12372\" srcset=\"https:\/\/caminodesantiagofrances.com\/en\/wp-content\/uploads\/sites\/3\/2024\/02\/Leon-Camino-de-Santiago-Frances.jpg 1200w, https:\/\/caminodesantiagofrances.com\/en\/wp-content\/uploads\/sites\/3\/2024\/02\/Leon-Camino-de-Santiago-Frances-300x158.jpg 300w, https:\/\/caminodesantiagofrances.com\/en\/wp-content\/uploads\/sites\/3\/2024\/02\/Leon-Camino-de-Santiago-Frances-1024x538.jpg 1024w, https:\/\/caminodesantiagofrances.com\/en\/wp-content\/uploads\/sites\/3\/2024\/02\/Leon-Camino-de-Santiago-Frances-768x403.jpg 768w\" sizes=\"auto, (max-width: 1200px) 100vw, 1200px\" \/><\/a><\/figure>\n\n\n\n<h3 class=\"wp-block-heading has-text-align-center\"><strong><a href=\"https:\/\/caminodesantiagofrances.com\/en\/provincia-de-leon\/leon\/\" target=\"_blank\" data-type=\"link\" data-id=\"https:\/\/caminodesantiagofrances.com\/en\/provincia-de-leon\/leon\/\" rel=\"noreferrer noopener\">Le\u00f3n<\/a><\/strong><\/h3>\n<\/div>\n\n\n\n<div class=\"wp-block-column\"><\/div>\n<\/div>\n\n\n\n<p class=\"wp-block-paragraph\"><\/p>\n","protected":false},"excerpt":{"rendered":"<p>Marcelo (M\u00e1rtir) Marcelo (en lat\u00edn, Marcellus) fue un centuri\u00f3n de la Legio VII Gemina P\u00eda F\u00e9lix que naci\u00f3 y vivi\u00f3 en Le\u00f3n durante la segunda mitad del siglo III. Es venerado como un santo, uno de los patrones de la ciudad de&nbsp;Le\u00f3n, Espa\u00f1a. Biograf\u00eda San Marcelo El lugar donde viv\u00eda su familia se supone pr\u00f3xima [&hellip;]<\/p>\n","protected":false},"author":1,"featured_media":12369,"parent":5908,"menu_order":0,"comment_status":"closed","ping_status":"closed","template":"","meta":{"footnotes":""},"class_list":["post-8655","page","type-page","status-publish","has-post-thumbnail","hentry"],"_links":{"self":[{"href":"https:\/\/caminodesantiagofrances.com\/en\/wp-json\/wp\/v2\/pages\/8655","targetHints":{"allow":["GET"]}}],"collection":[{"href":"https:\/\/caminodesantiagofrances.com\/en\/wp-json\/wp\/v2\/pages"}],"about":[{"href":"https:\/\/caminodesantiagofrances.com\/en\/wp-json\/wp\/v2\/types\/page"}],"author":[{"embeddable":true,"href":"https:\/\/caminodesantiagofrances.com\/en\/wp-json\/wp\/v2\/users\/1"}],"replies":[{"embeddable":true,"href":"https:\/\/caminodesantiagofrances.com\/en\/wp-json\/wp\/v2\/comments?post=8655"}],"version-history":[{"count":0,"href":"https:\/\/caminodesantiagofrances.com\/en\/wp-json\/wp\/v2\/pages\/8655\/revisions"}],"up":[{"embeddable":true,"href":"https:\/\/caminodesantiagofrances.com\/en\/wp-json\/wp\/v2\/pages\/5908"}],"wp:featuredmedia":[{"embeddable":true,"href":"https:\/\/caminodesantiagofrances.com\/en\/wp-json\/wp\/v2\/media\/12369"}],"wp:attachment":[{"href":"https:\/\/caminodesantiagofrances.com\/en\/wp-json\/wp\/v2\/media?parent=8655"}],"curies":[{"name":"wp","href":"https:\/\/api.w.org\/{rel}","templated":true}]}}

<h2 class="wp-block-heading has-text-align-center">Marcelo (Mártir)</h2>



<p class="wp-block-paragraph">Marcelo (en latín, Marcellus) fue un centurión de la Legio VII Gemina Pía Félix que nació y vivió en León durante la segunda mitad del siglo III. Es venerado como un santo, uno de los patrones de la ciudad de&nbsp;<strong><a href="https://prueba.caminodesantiagofrances.com/en/l/leon/" target="_blank" data-type="URL" data-id="https://prueba.caminodesantiagofrances.com/en/l/leon/" rel="noreferrer noopener">León</a></strong>, España.</p>



<h2 class="wp-block-heading has-text-align-center">Biografía San Marcelo</h2>



<p class="wp-block-paragraph">El lugar donde vivía su familia se supone próxima a la muralla de León y la puerta de poniente, en la calle que hoy en día se conoce como calle Ancha y que conserva una capilla denominada capilla del Cristo de la Victoria, por el cristo que conserva en su interior.</p>



<p class="wp-block-paragraph">Marcelo estuvo casado con santa Nonia, o Nona, y tuvo doce hijos: Claudio, Lupercio, Victorico, Facundo, Primitivo, Emeterio, Celedonio, Servando, Germano, Fausto, Jenuario y Marcial.</p>



<p class="wp-block-paragraph">La historia nos dice que el motivo de su martirio fue que celebrando las fiestas por el nacimiento del Emperador Valerio en julio del año 298, san Marcelo hizo pública su creencia cristiana y su única adoración al Dios del Cielo y de la Tierra, tirando al suelo su espada y el sarmiento de vid (atributos de su rango militar). La causa de Marcelo se remitió al Vicario de Prefecto Pretorio Aurelio Agricolano, que se hallaba en ese tiempo en Tánger y tenía la mayor autoridad sobre España y la Provincia de África (Tingitania).</p>



<figure class="wp-block-image aligncenter size-full"><img loading="lazy" decoding="async" width="600" height="315" src="https://caminodesantiagofrances.com/en/wp-content/uploads/sites/3/2024/02/San-Marcelo-Camino-de-Santiago-Frances.jpg" alt="" class="wp-image-12369" srcset="https://caminodesantiagofrances.com/en/wp-content/uploads/sites/3/2024/02/San-Marcelo-Camino-de-Santiago-Frances.jpg 600w, https://caminodesantiagofrances.com/en/wp-content/uploads/sites/3/2024/02/San-Marcelo-Camino-de-Santiago-Frances-300x158.jpg 300w" sizes="auto, (max-width: 600px) 100vw, 600px" /><figcaption class="wp-element-caption"><strong>San Marcelo</strong></figcaption></figure>



<p class="wp-block-paragraph">El día 29 de octubre del año 298 fue condenado a muerte por decapitación. Su festividad se celebra el 30 de octubre.</p>



<figure class="wp-block-table"><table><tbody><tr><th>Información personal</th></tr><tr><th scope="row">Nacimiento</th><td>Siglo III , <strong><a href="https://caminodesantiagofrances.com/en/provincia-de-leon/leon/" target="_blank" data-type="link" data-id="https://caminodesantiagofrances.com/en/provincia-de-leon/leon/" rel="noreferrer noopener">León</a></strong> (<strong><a href="https://caminodesantiagofrances.com/en/provincia-de-leon/" target="_blank" data-type="link" data-id="https://caminodesantiagofrances.com/en/provincia-de-leon/" rel="noreferrer noopener">Provincia de León</a></strong>, España) <a href="https://www.wikidata.org/wiki/Q16509164?uselang=es#P19" rel="nofollow noopener" target="_blank"></a></td></tr><tr><th scope="row">Fallecimiento</th><td>29 de octubre&nbsp;de&nbsp;298<br>Tánger&nbsp;(Marruecos)&nbsp;<a href="https://www.wikidata.org/wiki/Q16509164?uselang=es#P20" rel="nofollow noopener" target="_blank"></a></td></tr><tr><th scope="row">Causa de muerte</th><td>Decapitación&nbsp;<a href="https://www.wikidata.org/wiki/Q16509164?uselang=es#P509" rel="nofollow noopener" target="_blank"></a></td></tr><tr><th>Información profesional</th></tr><tr><th scope="row">Ocupación</th><td>Soldado romano&nbsp;<a href="https://www.wikidata.org/wiki/Q16509164?uselang=es#P106" rel="nofollow noopener" target="_blank"></a></td></tr><tr><th>Información religiosa</th></tr><tr><th scope="row">Canonización</th><td>Santo&nbsp;<a href="https://www.wikidata.org/wiki/Q16509164?uselang=es#P411" rel="nofollow noopener" target="_blank"></a></td></tr><tr><th scope="row">Festividad</th><td>30 de octubre</td></tr><tr><th scope="row">Patronazgo</th><td><strong><a href="https://caminodesantiagofrances.com/en/provincia-de-leon/leon/" target="_blank" data-type="link" data-id="https://caminodesantiagofrances.com/en/provincia-de-leon/leon/" rel="noreferrer noopener">León</a></strong></td></tr><tr><th scope="row">Rama militar</th><td>Ejército romano&nbsp;<a href="https://www.wikidata.org/wiki/Q16509164?uselang=es#P241" rel="nofollow noopener" target="_blank"></a></td></tr><tr><th scope="row">Rango militar</th><td>Centurión&nbsp;<a href="https://www.wikidata.org/wiki/Q16509164?uselang=es#P410" rel="nofollow noopener" target="_blank"></a></td></tr><tr><td></td></tr><tr><th>Información criminal</th></tr><tr><th scope="row">Cargos criminales</th><td>deserción&nbsp;<a href="https://www.wikidata.org/wiki/Q16509164?uselang=es#P1399" rel="nofollow noopener" target="_blank"></a></td></tr></tbody></table></figure>


<p><nav aria-label="breadcrumbs" class="rank-math-breadcrumb"><p><span class="last">Camino de Santiago Francés</span></p></nav></p>



<hr class="wp-block-separator has-alpha-channel-opacity"/>



<p class="wp-block-paragraph"><strong>Véase también:</strong></p>



<div class="wp-block-columns">
<div class="wp-block-column">
<figure class="wp-block-image aligncenter size-full"><a href="https://caminodesantiagofrances.com/en/provincia-de-leon/leon/" target="_blank" rel="noreferrer noopener"><img loading="lazy" decoding="async" width="1200" height="630" src="https://caminodesantiagofrances.com/en/wp-content/uploads/sites/3/2024/02/Leon-Camino-de-Santiago-Frances.jpg" alt="" class="wp-image-12372" srcset="https://caminodesantiagofrances.com/en/wp-content/uploads/sites/3/2024/02/Leon-Camino-de-Santiago-Frances.jpg 1200w, https://caminodesantiagofrances.com/en/wp-content/uploads/sites/3/2024/02/Leon-Camino-de-Santiago-Frances-300x158.jpg 300w, https://caminodesantiagofrances.com/en/wp-content/uploads/sites/3/2024/02/Leon-Camino-de-Santiago-Frances-1024x538.jpg 1024w, https://caminodesantiagofrances.com/en/wp-content/uploads/sites/3/2024/02/Leon-Camino-de-Santiago-Frances-768x403.jpg 768w" sizes="auto, (max-width: 1200px) 100vw, 1200px" /></a></figure>



<h3 class="wp-block-heading has-text-align-center"><strong><a href="https://caminodesantiagofrances.com/en/provincia-de-leon/leon/" target="_blank" data-type="link" data-id="https://caminodesantiagofrances.com/en/provincia-de-leon/leon/" rel="noreferrer noopener">León</a></strong></h3>
</div>



<div class="wp-block-column"></div>
</div>



<p class="wp-block-paragraph"></p>

<p>Marcelo (Mártir) Marcelo (en latín, Marcellus) fue un centurión de la Legio VII Gemina Pía Félix que nació y vivió en León durante la segunda mitad del siglo III. Es venerado como un santo, uno de los patrones de la ciudad de&nbsp;León, España. Biografía San Marcelo El lugar donde vivía su familia se supone próxima [&hellip;]</p>
