{"id":8913,"date":"2022-11-13T17:05:57","date_gmt":"2022-11-13T17:05:57","guid":{"rendered":"https:\/\/prueba.caminodesantiagofrances.com\/en\/?page_id=8913"},"modified":"2024-02-25T14:54:11","modified_gmt":"2024-02-25T13:54:11","slug":"virgen-de-la-encina","status":"publish","type":"page","link":"https:\/\/caminodesantiagofrances.com\/en\/santos\/virgen-de-la-encina\/","title":{"rendered":"Virgen de la Encina"},"content":{"rendered":"\n<h2 class=\"wp-block-heading has-text-align-center\"><strong>Virgen de la Encina<\/strong><\/h2>\n\n\n\n<p class=\"wp-block-paragraph\"><strong>La Virgen de La Encina<\/strong>\u00a0es la Patrona de la Comarca de El Bierzo,\u00a0<strong><a href=\"https:\/\/caminodesantiagofrances.com\/en\/provincia-de-leon\/\" target=\"_blank\" data-type=\"link\" data-id=\"https:\/\/caminodesantiagofrances.com\/en\/provincia-de-leon\/\" rel=\"noreferrer noopener\">Provincia de Le\u00f3n<\/a><\/strong>, en la\u00a0<strong>Comunidad Aut\u00f3noma de Castilla y Le\u00f3n<\/strong>, Espa\u00f1a, siendo coronada como tal en 1908.<\/p>\n\n\n\n<p class=\"wp-block-paragraph\">Su imagen se reverencia en la <strong>Bas\u00edlica de Nuestra Se\u00f1ora de la Encina<\/strong>, en la ciudad de\u00a0<strong><a href=\"https:\/\/caminodesantiagofrances.com\/en\/provincia-de-leon\/ponferrada\/\" target=\"_blank\" data-type=\"link\" data-id=\"https:\/\/caminodesantiagofrances.com\/en\/provincia-de-leon\/ponferrada\/\" rel=\"noreferrer noopener\">Ponferrada<\/a><\/strong>, sintiendo los bercianos una gran devoci\u00f3n hacia ella.<\/p>\n\n\n\n<p class=\"wp-block-paragraph\">El D\u00eda de la Encina se celebra el 8 de septiembre y da nombre a las fiestas de la ciudad de\u00a0<strong><a href=\"https:\/\/caminodesantiagofrances.com\/en\/provincia-de-leon\/ponferrada\/\" target=\"_blank\" data-type=\"link\" data-id=\"https:\/\/caminodesantiagofrances.com\/en\/provincia-de-leon\/ponferrada\/\" rel=\"noreferrer noopener\">Ponferrada<\/a><\/strong>.<\/p>\n\n\n\n<h3 class=\"wp-block-heading has-text-align-center\">Historia Virgen de la Encina<\/h3>\n\n\n\n<p class=\"wp-block-paragraph\">Existen muchas leyendas alrededor de c\u00f3mo fue encontrada la imagen de la <strong>Virgen de la Encina<\/strong>. La p\u00e1gina web de la\u00a0di\u00f3cesis\u00a0de\u00a0<strong><a href=\"https:\/\/caminodesantiagofrances.com\/en\/provincia-de-leon\/astorga\/\" target=\"_blank\" data-type=\"link\" data-id=\"https:\/\/caminodesantiagofrances.com\/en\/provincia-de-leon\/astorga\/\" rel=\"noreferrer noopener\">Astorga<\/a><\/strong>, a la que se encuentra adscrito El Bierzo, recoge una leyenda relatando que en el a\u00f1o\u00a0450, aproximadamente, lleg\u00f3 la primera imagen procedente de\u00a0Jerusal\u00e9n, tra\u00edda por el\u00a0Obispo Toribio.<\/p>\n\n\n\n<p class=\"wp-block-paragraph\">En el\u00a0siglo IX,\u00a0San Genadio\u00a0la escondi\u00f3 en <strong><a href=\"https:\/\/caminodesantiagofrances.com\/en\/provincia-de-leon\/ponferrada\/\" target=\"_blank\" data-type=\"link\" data-id=\"https:\/\/caminodesantiagofrances.com\/en\/provincia-de-leon\/ponferrada\/\" rel=\"noreferrer noopener\">Ponferrada<\/a><\/strong> para ocultarla de las rafias\u00a0musulmanas, pero con tanto celo que no se supo nada de ella hasta varios siglos despu\u00e9s, sobre el a\u00f1o\u00a01300, en que los\u00a0Templarios, al comenzar la construcci\u00f3n de su\u00a0<strong>Castillo en Ponferrada<\/strong>, necesitaron de mucha madera y, un ocho de septiembre ,d\u00eda de la\u00a0Natividad de la Virgen\u00a0y d\u00eda elegido para muchas de sus manifestaciones, al ir a cortar una\u00a0encina, \u00e9sta se parti\u00f3 y en la mitad que qued\u00f3 de pie apareci\u00f3 un nicho con una imagen de estilo\u00a0bizantino\u00a0de la Madre y el Ni\u00f1o.<\/p>\n\n\n\n<p class=\"wp-block-paragraph\">La imagen actualmente venerada es del&nbsp;siglo XVI.<\/p>\n\n\n\n<figure class=\"wp-block-image aligncenter size-full\"><img loading=\"lazy\" decoding=\"async\" width=\"600\" height=\"315\" src=\"https:\/\/caminodesantiagofrances.com\/en\/wp-content\/uploads\/sites\/3\/2024\/02\/Virgen-de-la-Encina-Camino-de-Santiago-Frances.jpg\" alt=\"\" class=\"wp-image-12462\" srcset=\"https:\/\/caminodesantiagofrances.com\/en\/wp-content\/uploads\/sites\/3\/2024\/02\/Virgen-de-la-Encina-Camino-de-Santiago-Frances.jpg 600w, https:\/\/caminodesantiagofrances.com\/en\/wp-content\/uploads\/sites\/3\/2024\/02\/Virgen-de-la-Encina-Camino-de-Santiago-Frances-300x158.jpg 300w\" sizes=\"auto, (max-width: 600px) 100vw, 600px\" \/><figcaption class=\"wp-element-caption\"><strong>Virgen de la Encina<\/strong><\/figcaption><\/figure>\n\n\n\n<h2 class=\"wp-block-heading has-text-align-center\"><strong>Virgen de la Encina<\/strong><\/h2>\n\n\n\n<figure class=\"wp-block-table\"><table><tbody><tr><th scope=\"row\">Templo<\/th><td>Bas\u00edlica de La Encina<\/td><\/tr><tr><th scope=\"row\">Festividad<\/th><td>8 de septiembre<\/td><\/tr><tr><th scope=\"row\">Patrona de<\/th><td>El Bierzo<br><strong><a href=\"https:\/\/caminodesantiagofrances.com\/en\/provincia-de-leon\/ponferrada\/\" target=\"_blank\" data-type=\"link\" data-id=\"https:\/\/caminodesantiagofrances.com\/en\/provincia-de-leon\/ponferrada\/\" rel=\"noreferrer noopener\">Ponferrada<\/a><\/strong>\u00a0(<strong><a href=\"https:\/\/caminodesantiagofrances.com\/en\/provincia-de-leon\/\" target=\"_blank\" data-type=\"link\" data-id=\"https:\/\/caminodesantiagofrances.com\/en\/provincia-de-leon\/\" rel=\"noreferrer noopener\">Provincia de Le\u00f3n<\/a><\/strong>, Espa\u00f1a)<\/td><\/tr><tr><th scope=\"row\">Fecha de la imagen<\/th><td>siglo XVI<\/td><\/tr><\/tbody><\/table><\/figure>\n\n\n<p><nav aria-label=\"breadcrumbs\" class=\"rank-math-breadcrumb\"><p><span class=\"last\">Camino de Santiago Franc\u00e9s<\/span><\/p><\/nav><\/p>\n\n\n\n<hr class=\"wp-block-separator has-alpha-channel-opacity\"\/>\n\n\n\n<p class=\"wp-block-paragraph\"><strong>V\u00e9ase tambi\u00e9n:<\/strong><\/p>\n\n\n\n<div class=\"wp-block-columns\">\n<div class=\"wp-block-column\">\n<figure class=\"wp-block-image aligncenter size-full\"><a href=\"https:\/\/caminodesantiagofrances.com\/en\/provincia-de-leon\/ponferrada\/\" target=\"_blank\" rel=\"noreferrer noopener\"><img loading=\"lazy\" decoding=\"async\" width=\"600\" height=\"315\" src=\"https:\/\/caminodesantiagofrances.com\/en\/wp-content\/uploads\/sites\/3\/2024\/02\/Ponferrada-Camino-de-Santiago-Frances.jpg\" alt=\"\" class=\"wp-image-11779\" srcset=\"https:\/\/caminodesantiagofrances.com\/en\/wp-content\/uploads\/sites\/3\/2024\/02\/Ponferrada-Camino-de-Santiago-Frances.jpg 600w, https:\/\/caminodesantiagofrances.com\/en\/wp-content\/uploads\/sites\/3\/2024\/02\/Ponferrada-Camino-de-Santiago-Frances-300x158.jpg 300w\" sizes=\"auto, (max-width: 600px) 100vw, 600px\" \/><\/a><\/figure>\n\n\n\n<h3 class=\"wp-block-heading has-text-align-center\"><strong><a href=\"https:\/\/caminodesantiagofrances.com\/en\/provincia-de-leon\/ponferrada\/\" target=\"_blank\" data-type=\"link\" data-id=\"https:\/\/caminodesantiagofrances.com\/en\/provincia-de-leon\/ponferrada\/\" rel=\"noreferrer noopener\">Ponferrada<\/a><\/strong><\/h3>\n<\/div>\n\n\n\n<div class=\"wp-block-column\">\n<figure class=\"wp-block-image aligncenter size-full\"><a href=\"https:\/\/prueba.caminodesantiagofrances.com\/en\/s\/castillo-de-ponferrada\/\" target=\"_blank\" rel=\"noreferrer noopener\"><img decoding=\"async\" src=\"https:\/\/caminodesantiagofrances.com\/en\/wp-content\/uploads\/sites\/3\/2022\/10\/Castillo-de-Ponferrada-Camino-de-Santiago-Frances.jpg\" alt=\"\" class=\"wp-image-7401\"><\/a><\/figure>\n\n\n\n<h3 class=\"wp-block-heading has-text-align-center\"><strong>Castillo en Ponferrada<\/strong><\/h3>\n<\/div>\n<\/div>\n\n\n\n<p class=\"wp-block-paragraph\"><\/p>\n","protected":false},"excerpt":{"rendered":"<p>Virgen de la Encina La Virgen de La Encina\u00a0es la Patrona de la Comarca de El Bierzo,\u00a0Provincia de Le\u00f3n, en la\u00a0Comunidad Aut\u00f3noma de Castilla y Le\u00f3n, Espa\u00f1a, siendo coronada como tal en 1908. Su imagen se reverencia en la Bas\u00edlica de Nuestra Se\u00f1ora de la Encina, en la ciudad de\u00a0Ponferrada, sintiendo los bercianos una gran [&hellip;]<\/p>\n","protected":false},"author":1,"featured_media":12462,"parent":5908,"menu_order":0,"comment_status":"closed","ping_status":"closed","template":"","meta":{"footnotes":""},"class_list":["post-8913","page","type-page","status-publish","has-post-thumbnail","hentry"],"_links":{"self":[{"href":"https:\/\/caminodesantiagofrances.com\/en\/wp-json\/wp\/v2\/pages\/8913","targetHints":{"allow":["GET"]}}],"collection":[{"href":"https:\/\/caminodesantiagofrances.com\/en\/wp-json\/wp\/v2\/pages"}],"about":[{"href":"https:\/\/caminodesantiagofrances.com\/en\/wp-json\/wp\/v2\/types\/page"}],"author":[{"embeddable":true,"href":"https:\/\/caminodesantiagofrances.com\/en\/wp-json\/wp\/v2\/users\/1"}],"replies":[{"embeddable":true,"href":"https:\/\/caminodesantiagofrances.com\/en\/wp-json\/wp\/v2\/comments?post=8913"}],"version-history":[{"count":0,"href":"https:\/\/caminodesantiagofrances.com\/en\/wp-json\/wp\/v2\/pages\/8913\/revisions"}],"up":[{"embeddable":true,"href":"https:\/\/caminodesantiagofrances.com\/en\/wp-json\/wp\/v2\/pages\/5908"}],"wp:featuredmedia":[{"embeddable":true,"href":"https:\/\/caminodesantiagofrances.com\/en\/wp-json\/wp\/v2\/media\/12462"}],"wp:attachment":[{"href":"https:\/\/caminodesantiagofrances.com\/en\/wp-json\/wp\/v2\/media?parent=8913"}],"curies":[{"name":"wp","href":"https:\/\/api.w.org\/{rel}","templated":true}]}}

<h2 class="wp-block-heading has-text-align-center"><strong>Virgen de la Encina</strong></h2>



<p class="wp-block-paragraph"><strong>La Virgen de La Encina</strong> es la Patrona de la Comarca de El Bierzo, <strong><a href="https://caminodesantiagofrances.com/en/provincia-de-leon/" target="_blank" data-type="link" data-id="https://caminodesantiagofrances.com/en/provincia-de-leon/" rel="noreferrer noopener">Provincia de León</a></strong>, en la <strong>Comunidad Autónoma de Castilla y León</strong>, España, siendo coronada como tal en 1908.</p>



<p class="wp-block-paragraph">Su imagen se reverencia en la <strong>Basílica de Nuestra Señora de la Encina</strong>, en la ciudad de <strong><a href="https://caminodesantiagofrances.com/en/provincia-de-leon/ponferrada/" target="_blank" data-type="link" data-id="https://caminodesantiagofrances.com/en/provincia-de-leon/ponferrada/" rel="noreferrer noopener">Ponferrada</a></strong>, sintiendo los bercianos una gran devoción hacia ella.</p>



<p class="wp-block-paragraph">El Día de la Encina se celebra el 8 de septiembre y da nombre a las fiestas de la ciudad de <strong><a href="https://caminodesantiagofrances.com/en/provincia-de-leon/ponferrada/" target="_blank" data-type="link" data-id="https://caminodesantiagofrances.com/en/provincia-de-leon/ponferrada/" rel="noreferrer noopener">Ponferrada</a></strong>.</p>



<h3 class="wp-block-heading has-text-align-center">Historia Virgen de la Encina</h3>



<p class="wp-block-paragraph">Existen muchas leyendas alrededor de cómo fue encontrada la imagen de la <strong>Virgen de la Encina</strong>. La página web de la diócesis de <strong><a href="https://caminodesantiagofrances.com/en/provincia-de-leon/astorga/" target="_blank" data-type="link" data-id="https://caminodesantiagofrances.com/en/provincia-de-leon/astorga/" rel="noreferrer noopener">Astorga</a></strong>, a la que se encuentra adscrito El Bierzo, recoge una leyenda relatando que en el año 450, aproximadamente, llegó la primera imagen procedente de Jerusalén, traída por el Obispo Toribio.</p>



<p class="wp-block-paragraph">En el siglo IX, San Genadio la escondió en <strong><a href="https://caminodesantiagofrances.com/en/provincia-de-leon/ponferrada/" target="_blank" data-type="link" data-id="https://caminodesantiagofrances.com/en/provincia-de-leon/ponferrada/" rel="noreferrer noopener">Ponferrada</a></strong> para ocultarla de las rafias musulmanas, pero con tanto celo que no se supo nada de ella hasta varios siglos después, sobre el año 1300, en que los Templarios, al comenzar la construcción de su <strong>Castillo en Ponferrada</strong>, necesitaron de mucha madera y, un ocho de septiembre ,día de la Natividad de la Virgen y día elegido para muchas de sus manifestaciones, al ir a cortar una encina, ésta se partió y en la mitad que quedó de pie apareció un nicho con una imagen de estilo bizantino de la Madre y el Niño.</p>



<p class="wp-block-paragraph">La imagen actualmente venerada es del&nbsp;siglo XVI.</p>



<figure class="wp-block-image aligncenter size-full"><img loading="lazy" decoding="async" width="600" height="315" src="https://caminodesantiagofrances.com/en/wp-content/uploads/sites/3/2024/02/Virgen-de-la-Encina-Camino-de-Santiago-Frances.jpg" alt="" class="wp-image-12462" srcset="https://caminodesantiagofrances.com/en/wp-content/uploads/sites/3/2024/02/Virgen-de-la-Encina-Camino-de-Santiago-Frances.jpg 600w, https://caminodesantiagofrances.com/en/wp-content/uploads/sites/3/2024/02/Virgen-de-la-Encina-Camino-de-Santiago-Frances-300x158.jpg 300w" sizes="auto, (max-width: 600px) 100vw, 600px" /><figcaption class="wp-element-caption"><strong>Virgen de la Encina</strong></figcaption></figure>



<h2 class="wp-block-heading has-text-align-center"><strong>Virgen de la Encina</strong></h2>



<figure class="wp-block-table"><table><tbody><tr><th scope="row">Templo</th><td>Basílica de La Encina</td></tr><tr><th scope="row">Festividad</th><td>8 de septiembre</td></tr><tr><th scope="row">Patrona de</th><td>El Bierzo<br><strong><a href="https://caminodesantiagofrances.com/en/provincia-de-leon/ponferrada/" target="_blank" data-type="link" data-id="https://caminodesantiagofrances.com/en/provincia-de-leon/ponferrada/" rel="noreferrer noopener">Ponferrada</a></strong> (<strong><a href="https://caminodesantiagofrances.com/en/provincia-de-leon/" target="_blank" data-type="link" data-id="https://caminodesantiagofrances.com/en/provincia-de-leon/" rel="noreferrer noopener">Provincia de León</a></strong>, España)</td></tr><tr><th scope="row">Fecha de la imagen</th><td>siglo XVI</td></tr></tbody></table></figure>


<p><nav aria-label="breadcrumbs" class="rank-math-breadcrumb"><p><span class="last">Camino de Santiago Francés</span></p></nav></p>



<hr class="wp-block-separator has-alpha-channel-opacity"/>



<p class="wp-block-paragraph"><strong>Véase también:</strong></p>



<div class="wp-block-columns">
<div class="wp-block-column">
<figure class="wp-block-image aligncenter size-full"><a href="https://caminodesantiagofrances.com/en/provincia-de-leon/ponferrada/" target="_blank" rel="noreferrer noopener"><img loading="lazy" decoding="async" width="600" height="315" src="https://caminodesantiagofrances.com/en/wp-content/uploads/sites/3/2024/02/Ponferrada-Camino-de-Santiago-Frances.jpg" alt="" class="wp-image-11779" srcset="https://caminodesantiagofrances.com/en/wp-content/uploads/sites/3/2024/02/Ponferrada-Camino-de-Santiago-Frances.jpg 600w, https://caminodesantiagofrances.com/en/wp-content/uploads/sites/3/2024/02/Ponferrada-Camino-de-Santiago-Frances-300x158.jpg 300w" sizes="auto, (max-width: 600px) 100vw, 600px" /></a></figure>



<h3 class="wp-block-heading has-text-align-center"><strong><a href="https://caminodesantiagofrances.com/en/provincia-de-leon/ponferrada/" target="_blank" data-type="link" data-id="https://caminodesantiagofrances.com/en/provincia-de-leon/ponferrada/" rel="noreferrer noopener">Ponferrada</a></strong></h3>
</div>



<div class="wp-block-column">
<figure class="wp-block-image aligncenter size-full"><a href="https://prueba.caminodesantiagofrances.com/en/s/castillo-de-ponferrada/" target="_blank" rel="noreferrer noopener"><img decoding="async" src="https://caminodesantiagofrances.com/en/wp-content/uploads/sites/3/2022/10/Castillo-de-Ponferrada-Camino-de-Santiago-Frances.jpg" alt="" class="wp-image-7401"></a></figure>



<h3 class="wp-block-heading has-text-align-center"><strong>Castillo en Ponferrada</strong></h3>
</div>
</div>



<p class="wp-block-paragraph"></p>

<p>Virgen de la Encina La Virgen de La Encina es la Patrona de la Comarca de El Bierzo, Provincia de León, en la Comunidad Autónoma de Castilla y León, España, siendo coronada como tal en 1908. Su imagen se reverencia en la Basílica de Nuestra Señora de la Encina, en la ciudad de Ponferrada, sintiendo los bercianos una gran [&hellip;]</p>
