{"id":9451,"date":"2022-11-27T12:43:35","date_gmt":"2022-11-27T12:43:35","guid":{"rendered":"https:\/\/prueba.caminodesantiagofrances.com\/en\/?page_id=9451"},"modified":"2024-02-25T14:23:31","modified_gmt":"2024-02-25T13:23:31","slug":"saint-quiteria","status":"publish","type":"page","link":"https:\/\/caminodesantiagofrances.com\/en\/saints\/saint-quiteria\/","title":{"rendered":"Saint Quiteria"},"content":{"rendered":"\n<p class=\"wp-block-paragraph\"><strong>Santa Quiteria<\/strong> (from the French: <em>Quitterie<\/em>; in Portuguese, <em>Quit\u00e9ria<\/em>) was a virgin and martyr of the 2nd century (5th century according to other traditions) about whom little is known beyond her name and her cult.<\/p>\n\n\n\n<p class=\"wp-block-paragraph\">She already appears in the&nbsp;<em>Martyrologium Hieronymianum<\/em>, and her name comes from&nbsp;<em>Kythere<\/em>&nbsp;or&nbsp;<em>Kuteria<\/em>, meaning &#8216;the red one&#8217;.<\/p>\n\n\n\n<h2 class=\"wp-block-heading has-text-align-center\"><strong>Tradition and cult of Santa Quiteria<\/strong><\/h2>\n\n\n\n<p class=\"wp-block-paragraph\">Legend holds that Quiteria was one of nine daughters born in a single birth to Calsia, wife of the then Roman governor of&nbsp;Braga, Lucius Castelius Severus. Repudiated by their family at birth, Quiteria and her sisters (Librada,&nbsp;Marina,&nbsp;Victoria,&nbsp;Germana,&nbsp;Eufemia,&nbsp;Marciana,&nbsp;Genibera&nbsp;and&nbsp;Basilia) were secretly adopted by local Christians and raised in the faith. Persecuted and threatened, the young women were forced to flee to different places, and all of them were ultimately martyred.<\/p>\n\n\n\n<p class=\"wp-block-paragraph\">It is believed that Quiteria first lived withdrawn in the mountains, then travelled through much of&nbsp;Hispania&nbsp;and even reached the south of&nbsp;Gaul, returning to Hispania as far as the town of&nbsp;Marjaliza&nbsp;(in what is now the province of Toledo), where she met her death while still barely a child.<\/p>\n\n\n\n<p class=\"wp-block-paragraph\">She has traditionally been credited with healing miracles related to rabies, a belief the legend attributes to the fact that dogs would always calm down in Quiteria&#8217;s presence. Some of her relics are venerated in Marjaliza (Toledo), <strong><a href=\"https:\/\/caminodesantiagofrances.com\/en\/navarra\/burlada\/\" data-type=\"link\" data-id=\"https:\/\/caminodesantiagofrances.com\/en\/navarra\/burlada\/\">Burlada<\/a><\/strong> and Tudela (<strong><a href=\"https:\/\/caminodesantiagofrances.com\/en\/navarra\/\" target=\"_blank\" data-type=\"link\" data-id=\"https:\/\/caminodesantiagofrances.com\/en\/navarra\/\" rel=\"noreferrer noopener\">Navarra<\/a><\/strong>) and Lanuza (Huesca).<\/p>\n\n\n\n<h3 class=\"wp-block-heading has-text-align-center\"><strong>Iconography of Santa Quiteria<\/strong><\/h3>\n\n\n\n<p class=\"wp-block-paragraph\">She is depicted carrying her own head in her hands. In the 15th century her attribute is a devil in human form, chained at the neck. From the following century onward it is a rabid dog with its tongue hanging out. Sometimes there are one or two dogs which, with lowered heads, appear in a submissive posture. A cut at the neck, chains, and the sword or knife refer to her martyrdom, symbolised by the palm branch she carries.<\/p>\n\n\n\n<figure class=\"wp-block-image aligncenter size-full\"><img loading=\"lazy\" decoding=\"async\" width=\"600\" height=\"315\" src=\"https:\/\/caminodesantiagofrances.com\/en\/wp-content\/uploads\/sites\/3\/2024\/02\/Santa-Quiteria-Camino-de-Santiago-Frances-1.jpg\" alt=\"\" class=\"wp-image-12452\" srcset=\"https:\/\/caminodesantiagofrances.com\/en\/wp-content\/uploads\/sites\/3\/2024\/02\/Santa-Quiteria-Camino-de-Santiago-Frances-1.jpg 600w, https:\/\/caminodesantiagofrances.com\/en\/wp-content\/uploads\/sites\/3\/2024\/02\/Santa-Quiteria-Camino-de-Santiago-Frances-1-300x158.jpg 300w\" sizes=\"auto, (max-width: 600px) 100vw, 600px\" \/><figcaption class=\"wp-element-caption\"><strong>Santa Quiteria<\/strong><\/figcaption><\/figure>\n\n\n\n<p class=\"wp-block-paragraph\">She may also be shown holding a lily, a symbol of virginity, for having kept it while fleeing her home when her father wanted to marry her off to a pagan youth.<\/p>\n\n\n\n<h2 class=\"wp-block-heading has-text-align-center\">Geography of the cult of Santa Quiteria<\/h2>\n\n\n\n<p class=\"wp-block-paragraph\">In the view of&nbsp;Louis R\u00e9au, the main centre of the cult of Santa Quiteria is&nbsp;Gascony, where she is generally paired with Santa&nbsp;Librada&nbsp;(Liberata). In&nbsp;Aire-sur-l&#8217;Adour, a town that claims to preserve her relics. There is a chapel dedicated to her in the church of Sainte-Eulalie, in&nbsp;Bordeaux. In&nbsp;Saint-Laurent-d&#8217;Arce&nbsp;(Gironde), in the chapel of Magrigne, a pilgrimage is held in her memory. She is also venerated in Normandy, in the diocese of&nbsp;Rouen. Louis R\u00e9au states that the cult of Santa Quiteria was introduced into Spain by Bishop&nbsp;Bernardo de Ag\u00e9n, who made the saint the patroness of his episcopal see, the city of&nbsp;Sig\u00fcenza.<\/p>\n\n\n\n<p class=\"wp-block-paragraph\">Santa Quiteria is venerated in various places across the Iberian Peninsula:<\/p>\n\n\n\n<figure class=\"wp-block-table\"><table><tbody><tr><th>Provinces<\/th><th>Towns<\/th><\/tr><tr><td>Albacete<\/td><td>Casas de VesJorquera, Elche de la Sierra, Barrax, Higueruela, Mora de Santa Quiteria<\/td><\/tr><tr><td>Badajoz<\/td><td>La Nava de Santiago<\/td><\/tr><tr><td>Barcelona<\/td><td>Vilanova del Vall\u00e9s<\/td><\/tr><tr><td>Castell\u00f3n<\/td><td>Tor\u00e1s, Almazora<\/td><\/tr><tr><td>Cuenca<\/td><td>Puebla del Salvador, Huete, Rozal\u00e9n del Monte, Fuentelespino de Moya, T\u00e9bar, Cabrejas, Olmeda de la Cuesta, Albalate de las Nogueras<\/td><\/tr><tr><td>Ciudad Real<\/td><td>Puebla de Don Rodrigo, Los Pozuelos de Calatrava, Alcoba de los Montes, Fuente el Fresno, Santa Quiteria, Manzanares, La Solana, Alc\u00e1zar de San Juan<\/td><\/tr><tr><td>Guadalajara<\/td><td>Ablanque, Aguilar de Anguita, Peralveche<\/td><\/tr><tr><td>Huesca<\/td><td>Biscarrues, Lanuza, Tardienta, Sena, Ag\u00fcero<\/td><\/tr><tr><td>Ja\u00e9n<\/td><td>Sorihuela del Guadalimar<\/td><\/tr><tr><td>Madrid<\/td><td>Alpedrete<\/td><\/tr><tr><td>Navarra<\/td><td><strong><a href=\"https:\/\/caminodesantiagofrances.com\/en\/navarra\/burlada\/\" data-type=\"link\" data-id=\"https:\/\/caminodesantiagofrances.com\/en\/navarra\/burlada\/\">Burlada<\/a><\/strong> and Tudela<\/td><\/tr><tr><td>Soria<\/td><td>Soma\u00e9n<\/td><\/tr><tr><td>Toledo<\/td><td>Marjaliza, Minas de Santa Quiteria<\/td><\/tr><tr><td>Tarragona<\/td><td>Bonastre<\/td><\/tr><tr><td>Valencia<\/td><td>Calles, Albalat dels Sorells<\/td><\/tr><tr><td>Zaragoza<\/td><td>Alhama de Arag\u00f3n, Embid de Ariza, Cetina, Bubierca, Fuentes de Jiloca, La Almolda, Lacorvilla, Paniza, Salillas de Jal\u00f3n, Vistabella de Huerva<\/td><\/tr><tr><td>Teruel<\/td><td>Castelvispal, Cubla, Celadas, Cascante del R\u00edo, Hoya de la Carrasca (Arcos de las Salinas), Samper de Calanda, Torrevelilla, Cedrillas<\/td><\/tr><tr><td>Almer\u00eda<\/td><td>Mar\u00eda<\/td><\/tr><\/tbody><\/table><\/figure>\n\n\n\n<h2 class=\"wp-block-heading has-text-align-center\"><strong>Santa Quiteria<\/strong><\/h2>\n\n\n\n<figure class=\"wp-block-table\"><table><tbody><tr><th scope=\"row\">Birth name<\/th><td>Quiteria<\/td><\/tr><tr><th scope=\"row\">Born<\/th><td>5th century, Braga&nbsp;(Portugal)<\/td><\/tr><tr><th scope=\"row\">Died<\/th><td>130, Marjaliza&nbsp;(Spain)<\/td><\/tr><tr><th scope=\"row\">Cause of death<\/th><td>Beheading&nbsp;<a href=\"https:\/\/www.wikidata.org\/wiki\/Q1236844?uselang=es#P509\" rel=\"nofollow noopener\" target=\"_blank\"><\/a><\/td><\/tr><tr><th>Family<\/th><\/tr><tr><th scope=\"row\">Father<\/th><td>Lucius Castelius Severus&nbsp;<a href=\"https:\/\/www.wikidata.org\/wiki\/Q1236844?uselang=es#P22\" rel=\"nofollow noopener\" target=\"_blank\"><\/a><\/td><\/tr><tr><th>Professional information<\/th><\/tr><tr><th>Religious information<\/th><\/tr><tr><th scope=\"row\">Canonisation<\/th><td>Saint and Roman Catholic saint&nbsp;<a href=\"https:\/\/www.wikidata.org\/wiki\/Q1236844?uselang=es#P411\" rel=\"nofollow noopener\" target=\"_blank\"><\/a><\/td><\/tr><tr><th scope=\"row\">Feast day<\/th><td>22 May<\/td><\/tr><tr><th scope=\"row\">Attributes<\/th><td>A palm branch, one or two dogs, a sword, a book, her severed head on a platter, or a cut to the neck.<\/td><\/tr><tr><th scope=\"row\">Venerated in<\/th><td>Catholic Church<\/td><\/tr><tr><th scope=\"row\">Patronage<\/th><td>Advocate against&nbsp;rabies<\/td><\/tr><\/tbody><\/table><\/figure>\n\n\n<p><nav aria-label=\"breadcrumbs\" class=\"rank-math-breadcrumb\"><p><span class=\"last\">Camino de Santiago Franc\u00e9s<\/span><\/p><\/nav><\/p>\n\n\n\n<hr class=\"wp-block-separator has-alpha-channel-opacity\"\/>\n\n\n\n<p class=\"wp-block-paragraph\"><strong>See also:<\/strong><\/p>\n\n\n\n<div class=\"wp-block-columns\">\n<div class=\"wp-block-column\">\n<figure class=\"wp-block-image aligncenter size-full\"><a href=\"https:\/\/prueba.caminodesantiagofrances.com\/en\/s\/puente-de-la-rabia\/\" target=\"_blank\" rel=\"noreferrer noopener\"><img decoding=\"async\" src=\"https:\/\/caminodesantiagofrances.com\/en\/wp-content\/uploads\/sites\/3\/2022\/11\/Puente-de-la-Rabia-Camino-de-Santiago-Frances.jpg\" alt=\"\" class=\"wp-image-9449\"><\/a><\/figure>\n\n\n\n<h3 class=\"wp-block-heading has-text-align-center\"><strong>Puente de la Rabia<\/strong><\/h3>\n<\/div>\n\n\n\n<div class=\"wp-block-column\">\n<figure class=\"wp-block-image size-full\"><a href=\"https:\/\/caminodesantiagofrances.com\/en\/navarra\/burlada\/\"><img loading=\"lazy\" decoding=\"async\" width=\"600\" height=\"315\" src=\"https:\/\/caminodesantiagofrances.com\/en\/wp-content\/uploads\/sites\/3\/2024\/02\/Burlada-Camino-de-Santiago-Frances.jpg\" alt=\"\" class=\"wp-image-11048\" srcset=\"https:\/\/caminodesantiagofrances.com\/en\/wp-content\/uploads\/sites\/3\/2024\/02\/Burlada-Camino-de-Santiago-Frances.jpg 600w, https:\/\/caminodesantiagofrances.com\/en\/wp-content\/uploads\/sites\/3\/2024\/02\/Burlada-Camino-de-Santiago-Frances-300x158.jpg 300w\" sizes=\"auto, (max-width: 600px) 100vw, 600px\" \/><\/a><\/figure>\n\n\n\n<h3 class=\"wp-block-heading has-text-align-center\"><strong><a href=\"https:\/\/caminodesantiagofrances.com\/en\/navarra\/burlada\/\" data-type=\"link\" data-id=\"https:\/\/caminodesantiagofrances.com\/en\/navarra\/burlada\/\">Burlada<\/a><\/strong><\/h3>\n<\/div>\n<\/div>\n","protected":false},"excerpt":{"rendered":"<p>Santa Quiteria (from the French: Quitterie; in Portuguese, Quit\u00e9ria) was a virgin and martyr of the 2nd century (5th century according to other traditions) about whom little is known beyond her name and her cult. She already appears in the&nbsp;Martyrologium Hieronymianum, and her name comes from&nbsp;Kythere&nbsp;or&nbsp;Kuteria, meaning &#8216;the red one&#8217;. Tradition and cult of Santa [&hellip;]<\/p>\n","protected":false},"author":1,"featured_media":12452,"parent":5908,"menu_order":0,"comment_status":"closed","ping_status":"closed","template":"","meta":{"footnotes":""},"class_list":["post-9451","page","type-page","status-publish","has-post-thumbnail","hentry"],"_links":{"self":[{"href":"https:\/\/caminodesantiagofrances.com\/en\/wp-json\/wp\/v2\/pages\/9451","targetHints":{"allow":["GET"]}}],"collection":[{"href":"https:\/\/caminodesantiagofrances.com\/en\/wp-json\/wp\/v2\/pages"}],"about":[{"href":"https:\/\/caminodesantiagofrances.com\/en\/wp-json\/wp\/v2\/types\/page"}],"author":[{"embeddable":true,"href":"https:\/\/caminodesantiagofrances.com\/en\/wp-json\/wp\/v2\/users\/1"}],"replies":[{"embeddable":true,"href":"https:\/\/caminodesantiagofrances.com\/en\/wp-json\/wp\/v2\/comments?post=9451"}],"version-history":[{"count":0,"href":"https:\/\/caminodesantiagofrances.com\/en\/wp-json\/wp\/v2\/pages\/9451\/revisions"}],"up":[{"embeddable":true,"href":"https:\/\/caminodesantiagofrances.com\/en\/wp-json\/wp\/v2\/pages\/5908"}],"wp:featuredmedia":[{"embeddable":true,"href":"https:\/\/caminodesantiagofrances.com\/en\/wp-json\/wp\/v2\/media\/12452"}],"wp:attachment":[{"href":"https:\/\/caminodesantiagofrances.com\/en\/wp-json\/wp\/v2\/media?parent=9451"}],"curies":[{"name":"wp","href":"https:\/\/api.w.org\/{rel}","templated":true}]}}

<p class="wp-block-paragraph"><strong>Santa Quiteria</strong> (from the French: <em>Quitterie</em>; in Portuguese, <em>Quitéria</em>) was a virgin and martyr of the 2nd century (5th century according to other traditions) about whom little is known beyond her name and her cult.</p>



<p class="wp-block-paragraph">She already appears in the&nbsp;<em>Martyrologium Hieronymianum</em>, and her name comes from&nbsp;<em>Kythere</em>&nbsp;or&nbsp;<em>Kuteria</em>, meaning &#8216;the red one&#8217;.</p>



<h2 class="wp-block-heading has-text-align-center"><strong>Tradition and cult of Santa Quiteria</strong></h2>



<p class="wp-block-paragraph">Legend holds that Quiteria was one of nine daughters born in a single birth to Calsia, wife of the then Roman governor of&nbsp;Braga, Lucius Castelius Severus. Repudiated by their family at birth, Quiteria and her sisters (Librada,&nbsp;Marina,&nbsp;Victoria,&nbsp;Germana,&nbsp;Eufemia,&nbsp;Marciana,&nbsp;Genibera&nbsp;and&nbsp;Basilia) were secretly adopted by local Christians and raised in the faith. Persecuted and threatened, the young women were forced to flee to different places, and all of them were ultimately martyred.</p>



<p class="wp-block-paragraph">It is believed that Quiteria first lived withdrawn in the mountains, then travelled through much of&nbsp;Hispania&nbsp;and even reached the south of&nbsp;Gaul, returning to Hispania as far as the town of&nbsp;Marjaliza&nbsp;(in what is now the province of Toledo), where she met her death while still barely a child.</p>



<p class="wp-block-paragraph">She has traditionally been credited with healing miracles related to rabies, a belief the legend attributes to the fact that dogs would always calm down in Quiteria&#8217;s presence. Some of her relics are venerated in Marjaliza (Toledo), <strong><a href="https://caminodesantiagofrances.com/en/navarra/burlada/" data-type="link" data-id="https://caminodesantiagofrances.com/en/navarra/burlada/">Burlada</a></strong> and Tudela (<strong><a href="https://caminodesantiagofrances.com/en/navarra/" target="_blank" data-type="link" data-id="https://caminodesantiagofrances.com/en/navarra/" rel="noreferrer noopener">Navarra</a></strong>) and Lanuza (Huesca).</p>



<h3 class="wp-block-heading has-text-align-center"><strong>Iconography of Santa Quiteria</strong></h3>



<p class="wp-block-paragraph">She is depicted carrying her own head in her hands. In the 15th century her attribute is a devil in human form, chained at the neck. From the following century onward it is a rabid dog with its tongue hanging out. Sometimes there are one or two dogs which, with lowered heads, appear in a submissive posture. A cut at the neck, chains, and the sword or knife refer to her martyrdom, symbolised by the palm branch she carries.</p>



<figure class="wp-block-image aligncenter size-full"><img loading="lazy" decoding="async" width="600" height="315" src="https://caminodesantiagofrances.com/en/wp-content/uploads/sites/3/2024/02/Santa-Quiteria-Camino-de-Santiago-Frances-1.jpg" alt="" class="wp-image-12452" srcset="https://caminodesantiagofrances.com/en/wp-content/uploads/sites/3/2024/02/Santa-Quiteria-Camino-de-Santiago-Frances-1.jpg 600w, https://caminodesantiagofrances.com/en/wp-content/uploads/sites/3/2024/02/Santa-Quiteria-Camino-de-Santiago-Frances-1-300x158.jpg 300w" sizes="auto, (max-width: 600px) 100vw, 600px" /><figcaption class="wp-element-caption"><strong>Santa Quiteria</strong></figcaption></figure>



<p class="wp-block-paragraph">She may also be shown holding a lily, a symbol of virginity, for having kept it while fleeing her home when her father wanted to marry her off to a pagan youth.</p>



<h2 class="wp-block-heading has-text-align-center">Geography of the cult of Santa Quiteria</h2>



<p class="wp-block-paragraph">In the view of&nbsp;Louis Réau, the main centre of the cult of Santa Quiteria is&nbsp;Gascony, where she is generally paired with Santa&nbsp;Librada&nbsp;(Liberata). In&nbsp;Aire-sur-l&#8217;Adour, a town that claims to preserve her relics. There is a chapel dedicated to her in the church of Sainte-Eulalie, in&nbsp;Bordeaux. In&nbsp;Saint-Laurent-d&#8217;Arce&nbsp;(Gironde), in the chapel of Magrigne, a pilgrimage is held in her memory. She is also venerated in Normandy, in the diocese of&nbsp;Rouen. Louis Réau states that the cult of Santa Quiteria was introduced into Spain by Bishop&nbsp;Bernardo de Agén, who made the saint the patroness of his episcopal see, the city of&nbsp;Sigüenza.</p>



<p class="wp-block-paragraph">Santa Quiteria is venerated in various places across the Iberian Peninsula:</p>



<figure class="wp-block-table"><table><tbody><tr><th>Provinces</th><th>Towns</th></tr><tr><td>Albacete</td><td>Casas de VesJorquera, Elche de la Sierra, Barrax, Higueruela, Mora de Santa Quiteria</td></tr><tr><td>Badajoz</td><td>La Nava de Santiago</td></tr><tr><td>Barcelona</td><td>Vilanova del Vallés</td></tr><tr><td>Castellón</td><td>Torás, Almazora</td></tr><tr><td>Cuenca</td><td>Puebla del Salvador, Huete, Rozalén del Monte, Fuentelespino de Moya, Tébar, Cabrejas, Olmeda de la Cuesta, Albalate de las Nogueras</td></tr><tr><td>Ciudad Real</td><td>Puebla de Don Rodrigo, Los Pozuelos de Calatrava, Alcoba de los Montes, Fuente el Fresno, Santa Quiteria, Manzanares, La Solana, Alcázar de San Juan</td></tr><tr><td>Guadalajara</td><td>Ablanque, Aguilar de Anguita, Peralveche</td></tr><tr><td>Huesca</td><td>Biscarrues, Lanuza, Tardienta, Sena, Agüero</td></tr><tr><td>Jaén</td><td>Sorihuela del Guadalimar</td></tr><tr><td>Madrid</td><td>Alpedrete</td></tr><tr><td>Navarra</td><td><strong><a href="https://caminodesantiagofrances.com/en/navarra/burlada/" data-type="link" data-id="https://caminodesantiagofrances.com/en/navarra/burlada/">Burlada</a></strong> and Tudela</td></tr><tr><td>Soria</td><td>Somaén</td></tr><tr><td>Toledo</td><td>Marjaliza, Minas de Santa Quiteria</td></tr><tr><td>Tarragona</td><td>Bonastre</td></tr><tr><td>Valencia</td><td>Calles, Albalat dels Sorells</td></tr><tr><td>Zaragoza</td><td>Alhama de Aragón, Embid de Ariza, Cetina, Bubierca, Fuentes de Jiloca, La Almolda, Lacorvilla, Paniza, Salillas de Jalón, Vistabella de Huerva</td></tr><tr><td>Teruel</td><td>Castelvispal, Cubla, Celadas, Cascante del Río, Hoya de la Carrasca (Arcos de las Salinas), Samper de Calanda, Torrevelilla, Cedrillas</td></tr><tr><td>Almería</td><td>María</td></tr></tbody></table></figure>



<h2 class="wp-block-heading has-text-align-center"><strong>Santa Quiteria</strong></h2>



<figure class="wp-block-table"><table><tbody><tr><th scope="row">Birth name</th><td>Quiteria</td></tr><tr><th scope="row">Born</th><td>5th century, Braga&nbsp;(Portugal)</td></tr><tr><th scope="row">Died</th><td>130, Marjaliza&nbsp;(Spain)</td></tr><tr><th scope="row">Cause of death</th><td>Beheading&nbsp;<a href="https://www.wikidata.org/wiki/Q1236844?uselang=es#P509" rel="nofollow noopener" target="_blank"></a></td></tr><tr><th>Family</th></tr><tr><th scope="row">Father</th><td>Lucius Castelius Severus&nbsp;<a href="https://www.wikidata.org/wiki/Q1236844?uselang=es#P22" rel="nofollow noopener" target="_blank"></a></td></tr><tr><th>Professional information</th></tr><tr><th>Religious information</th></tr><tr><th scope="row">Canonisation</th><td>Saint and Roman Catholic saint&nbsp;<a href="https://www.wikidata.org/wiki/Q1236844?uselang=es#P411" rel="nofollow noopener" target="_blank"></a></td></tr><tr><th scope="row">Feast day</th><td>22 May</td></tr><tr><th scope="row">Attributes</th><td>A palm branch, one or two dogs, a sword, a book, her severed head on a platter, or a cut to the neck.</td></tr><tr><th scope="row">Venerated in</th><td>Catholic Church</td></tr><tr><th scope="row">Patronage</th><td>Advocate against&nbsp;rabies</td></tr></tbody></table></figure>


<p><nav aria-label="breadcrumbs" class="rank-math-breadcrumb"><p><span class="last">Camino de Santiago Francés</span></p></nav></p>



<hr class="wp-block-separator has-alpha-channel-opacity"/>



<p class="wp-block-paragraph"><strong>See also:</strong></p>



<div class="wp-block-columns">
<div class="wp-block-column">
<figure class="wp-block-image aligncenter size-full"><a href="https://prueba.caminodesantiagofrances.com/en/s/puente-de-la-rabia/" target="_blank" rel="noreferrer noopener"><img decoding="async" src="https://caminodesantiagofrances.com/en/wp-content/uploads/sites/3/2022/11/Puente-de-la-Rabia-Camino-de-Santiago-Frances.jpg" alt="" class="wp-image-9449"></a></figure>



<h3 class="wp-block-heading has-text-align-center"><strong>Puente de la Rabia</strong></h3>
</div>



<div class="wp-block-column">
<figure class="wp-block-image size-full"><a href="https://caminodesantiagofrances.com/en/navarra/burlada/"><img loading="lazy" decoding="async" width="600" height="315" src="https://caminodesantiagofrances.com/en/wp-content/uploads/sites/3/2024/02/Burlada-Camino-de-Santiago-Frances.jpg" alt="" class="wp-image-11048" srcset="https://caminodesantiagofrances.com/en/wp-content/uploads/sites/3/2024/02/Burlada-Camino-de-Santiago-Frances.jpg 600w, https://caminodesantiagofrances.com/en/wp-content/uploads/sites/3/2024/02/Burlada-Camino-de-Santiago-Frances-300x158.jpg 300w" sizes="auto, (max-width: 600px) 100vw, 600px" /></a></figure>



<h3 class="wp-block-heading has-text-align-center"><strong><a href="https://caminodesantiagofrances.com/en/navarra/burlada/" data-type="link" data-id="https://caminodesantiagofrances.com/en/navarra/burlada/">Burlada</a></strong></h3>
</div>
</div>

<p>Santa Quiteria (from the French: Quitterie; in Portuguese, Quitéria) was a virgin and martyr of the 2nd century (5th century according to other traditions) about whom little is known beyond her name and her cult. She already appears in the&nbsp;Martyrologium Hieronymianum, and her name comes from&nbsp;Kythere&nbsp;or&nbsp;Kuteria, meaning &#8216;the red one&#8217;. Tradition and cult of Santa [&hellip;]</p>
